{"id":10381,"date":"2018-02-09T14:19:19","date_gmt":"2018-02-09T10:19:19","guid":{"rendered":"http:\/\/www.imm.az\/exp\/?page_id=10381"},"modified":"2017-02-10T12:43:17","modified_gmt":"2017-02-10T08:43:17","slug":"10381-2","status":"publish","type":"page","link":"https:\/\/www.imm.az\/exp\/10381-2\/","title":{"rendered":"Professor Misir M\u0259rdanov\u00a0 &#8220;Optimalla\u015fd\u0131r\u0131lma \u00fcsullar\u0131&#8221; \u00a0kitab\u0131n\u0131n elmi redaktorudur"},"content":{"rendered":"<p style=\"text-align: justify;\"><a href=\"https:\/\/www.imm.az\/exp\/wp-content\/uploads\/2018\/02\/Elmi-redaktor-M.Mardanov-.jpg\"><img loading=\"lazy\" decoding=\"async\" class=\"alignleft wp-image-10384 size-medium\" src=\"https:\/\/www.imm.az\/exp\/wp-content\/uploads\/2018\/02\/Elmi-redaktor-M.Mardanov--219x300.jpg\" alt=\"Riyaziyyat v\u0259 Mexanika \u0130nstitutu\" width=\"219\" height=\"300\" srcset=\"https:\/\/www.imm.az\/exp\/wp-content\/uploads\/2018\/02\/Elmi-redaktor-M.Mardanov--219x300.jpg 219w, https:\/\/www.imm.az\/exp\/wp-content\/uploads\/2018\/02\/Elmi-redaktor-M.Mardanov-.jpg 255w\" sizes=\"(max-width: 219px) 100vw, 219px\" \/><\/a><\/p>\n<p style=\"text-align: justify;\">2017-ci ild\u0259 &#8220;Bak\u0131 Universiteti&#8221; n\u0259\u015friyyat\u0131nda K.Q. H\u0259s\u0259nov, H.F.Quliyev, M.H.Yaqubov, \u015e.\u015e.Yusubovun m\u00fc\u0259llifliyi il\u0259 ali m\u0259kt\u0259blil\u0259r \u00fc\u00e7\u00fcn d\u0259rslik &#8220;Optimalla\u015fd\u0131r\u0131lma \u00fcsullar\u0131&#8221; \u00a0kitab\u0131 \u00e7apdan \u00e7\u0131xm\u0131\u015fd\u0131r. Kitab\u0131n elmi redaktoru , Riyaziyyat v\u0259 Mexanika \u0130nstitunun direktoru, professor Misir M\u0259rdanov, r\u0259y\u00e7il\u0259ri RM\u0130-nin &#8220;Optimal Idar\u0259etm\u0259&#8221; \u015f\u00f6b\u0259sinin ba\u015f elmi i\u015f\u00e7isi professor Telman M\u0259likov, prof.M.A.Sad\u0131qov, prof. A.Q.A\u011famal\u0131yevdir.<\/p>\n<p style=\"text-align: justify;\">D\u0259rslik universitetl\u0259rin riyaziyyat fak\u00fclt\u0259l\u0259rind\u0259 bakalavr pill\u0259sind\u0259 t\u0259dris olunan Variasiya hesab\u0131 v\u0259 optimalla\u015fd\u0131rma \u00fcsullar\u0131 v\u0259 Variasiya hesab\u0131 f\u0259nl\u0259rinin, el\u0259c\u0259 d\u0259 magistratura pill\u0259sinin d\u00f6rd \u0259sas f\u0259nninin proqramlar\u0131n\u0131 \u0259hat\u0259 edir.<\/p>\n<p><em>\u00a9 B\u00fct\u00fcn h\u00fcquqlar qorunur. X\u0259b\u0259rl\u0259rd\u0259n istifad\u0259 ed\u0259rk\u0259n www.imm.az sayt\u0131na istinad z\u0259ruridir.<\/em><\/p>\n","protected":false},"excerpt":{"rendered":"<p>2017-ci ild\u0259 &#8220;Bak\u0131 Universiteti&#8221; n\u0259\u015friyyat\u0131nda K.Q. H\u0259s\u0259nov, H.F.Quliyev, M.H.Yaqubov, \u015e.\u015e.Yusubovun m\u00fc\u0259llifliyi il\u0259 ali m\u0259kt\u0259blil\u0259r \u00fc\u00e7\u00fcn d\u0259rslik &#8220;Optimalla\u015fd\u0131r\u0131lma \u00fcsullar\u0131&#8221; \u00a0kitab\u0131 \u00e7apdan \u00e7\u0131xm\u0131\u015fd\u0131r. Kitab\u0131n elmi redaktoru , Riyaziyyat v\u0259 Mexanika \u0130nstitunun direktoru, professor Misir M\u0259rdanov, r\u0259y\u00e7il\u0259ri RM\u0130-nin &#8220;Optimal Idar\u0259etm\u0259&#8221; \u015f\u00f6b\u0259sinin ba\u015f elmi i\u015f\u00e7isi professor Telman M\u0259likov, prof.M.A.Sad\u0131qov, prof. A.Q.A\u011famal\u0131yevdir. D\u0259rslik universitetl\u0259rin riyaziyyat fak\u00fclt\u0259l\u0259rind\u0259 bakalavr pill\u0259sind\u0259 t\u0259dris olunan [&hellip;]<\/p>\n","protected":false},"author":6,"featured_media":0,"parent":0,"menu_order":0,"comment_status":"closed","ping_status":"closed","template":"","meta":{"footnotes":""},"_links":{"self":[{"href":"https:\/\/www.imm.az\/exp\/wp-json\/wp\/v2\/pages\/10381"}],"collection":[{"href":"https:\/\/www.imm.az\/exp\/wp-json\/wp\/v2\/pages"}],"about":[{"href":"https:\/\/www.imm.az\/exp\/wp-json\/wp\/v2\/types\/page"}],"author":[{"embeddable":true,"href":"https:\/\/www.imm.az\/exp\/wp-json\/wp\/v2\/users\/6"}],"replies":[{"embeddable":true,"href":"https:\/\/www.imm.az\/exp\/wp-json\/wp\/v2\/comments?post=10381"}],"version-history":[{"count":8,"href":"https:\/\/www.imm.az\/exp\/wp-json\/wp\/v2\/pages\/10381\/revisions"}],"predecessor-version":[{"id":10383,"href":"https:\/\/www.imm.az\/exp\/wp-json\/wp\/v2\/pages\/10381\/revisions\/10383"}],"wp:attachment":[{"href":"https:\/\/www.imm.az\/exp\/wp-json\/wp\/v2\/media?parent=10381"}],"curies":[{"name":"wp","href":"https:\/\/api.w.org\/{rel}","templated":true}]}}