{"id":10753,"date":"2017-03-02T12:45:47","date_gmt":"2017-03-02T08:45:47","guid":{"rendered":"http:\/\/www.imm.az\/exp\/?page_id=10753"},"modified":"2017-03-02T12:49:06","modified_gmt":"2017-03-02T08:49:06","slug":"elmi-texniki-informasiya-sob%c9%99si-xarici-ezamiyy%c9%99tl%c9%99r","status":"publish","type":"page","link":"https:\/\/www.imm.az\/exp\/xarici-ezamiyy%c9%99tl%c9%99r\/elmi-texniki-informasiya-sob%c9%99si-xarici-ezamiyy%c9%99tl%c9%99r\/","title":{"rendered":"Elmi-Texniki \u0130nformasiya \u015f\u00f6b\u0259si &#8211; xarici ezamiyy\u0259tl\u0259r"},"content":{"rendered":"<ol>\n<li style=\"text-align: justify;\"><a href=\"\/exp\/?page_id=10755\">Professor Ramiz Aslanov \u201cN\u0259z\u0259riyy\u0259, t\u0259cr\u00fcb\u0259, innovasiya: riyaziyyat, fizika v\u0259 informatika \u00f6yr\u0259nilm\u0259sind\u0259 m\u0259s\u0259l\u0259l\u0259r\u201d II Beyn\u04d9lxalq elmi-praktik konfrans\u0131nda i\u015ftrak etmi\u015fdir<\/a><\/li>\n<\/ol>\n<p>&nbsp;<\/p>\n","protected":false},"excerpt":{"rendered":"<p>Professor Ramiz Aslanov \u201cN\u0259z\u0259riyy\u0259, t\u0259cr\u00fcb\u0259, innovasiya: riyaziyyat, fizika v\u0259 informatika \u00f6yr\u0259nilm\u0259sind\u0259 m\u0259s\u0259l\u0259l\u0259r\u201d II Beyn\u04d9lxalq elmi-praktik konfrans\u0131nda i\u015ftrak etmi\u015fdir &nbsp;<\/p>\n","protected":false},"author":6,"featured_media":0,"parent":2895,"menu_order":0,"comment_status":"closed","ping_status":"closed","template":"","meta":{"footnotes":""},"_links":{"self":[{"href":"https:\/\/www.imm.az\/exp\/wp-json\/wp\/v2\/pages\/10753"}],"collection":[{"href":"https:\/\/www.imm.az\/exp\/wp-json\/wp\/v2\/pages"}],"about":[{"href":"https:\/\/www.imm.az\/exp\/wp-json\/wp\/v2\/types\/page"}],"author":[{"embeddable":true,"href":"https:\/\/www.imm.az\/exp\/wp-json\/wp\/v2\/users\/6"}],"replies":[{"embeddable":true,"href":"https:\/\/www.imm.az\/exp\/wp-json\/wp\/v2\/comments?post=10753"}],"version-history":[{"count":3,"href":"https:\/\/www.imm.az\/exp\/wp-json\/wp\/v2\/pages\/10753\/revisions"}],"predecessor-version":[{"id":10759,"href":"https:\/\/www.imm.az\/exp\/wp-json\/wp\/v2\/pages\/10753\/revisions\/10759"}],"up":[{"embeddable":true,"href":"https:\/\/www.imm.az\/exp\/wp-json\/wp\/v2\/pages\/2895"}],"wp:attachment":[{"href":"https:\/\/www.imm.az\/exp\/wp-json\/wp\/v2\/media?parent=10753"}],"curies":[{"name":"wp","href":"https:\/\/api.w.org\/{rel}","templated":true}]}}