{"id":11481,"date":"2017-04-03T14:24:44","date_gmt":"2017-04-03T10:24:44","guid":{"rendered":"http:\/\/www.imm.az\/exp\/?page_id=11481"},"modified":"2017-04-03T14:59:30","modified_gmt":"2017-04-03T10:59:30","slug":"funksiyalar-n%c9%99z%c9%99riyy%c9%99si-sob%c9%99si","status":"publish","type":"page","link":"https:\/\/www.imm.az\/exp\/xarici-ezamiyy%c9%99tl%c9%99r\/funksiyalar-n%c9%99z%c9%99riyy%c9%99si-sob%c9%99si\/","title":{"rendered":"Funksiyalar n\u0259z\u0259riyy\u0259si \u015f\u00f6b\u0259si"},"content":{"rendered":"<ul>\n<li><a title=\"\u201cFunksiayalar n\u0259z\u0259riyy\u0259si\u201d \u015f\u00f6b\u0259sinin m\u00fcdiri, r.e.d. V\u00fcqar \u0130smay\u0131lov \u0130ngilt\u0259r\u0259nin Oksford Universitetind\u0259 elmi ezamiyy\u0259td\u0259 olub\" href=\"\/exp\/?page_id=11492\">\u201cFunksiayalar n\u0259z\u0259riyy\u0259si\u201d \u015f\u00f6b\u0259sinin m\u00fcdiri, r.e.d. V\u00fcqar \u0130smay\u0131lov \u0130ngilt\u0259r\u0259nin Oksford Universitetind\u0259 elmi ezamiyy\u0259td\u0259 olub<\/a><\/li>\n<\/ul>\n","protected":false},"excerpt":{"rendered":"<p>\u201cFunksiayalar n\u0259z\u0259riyy\u0259si\u201d \u015f\u00f6b\u0259sinin m\u00fcdiri, r.e.d. V\u00fcqar \u0130smay\u0131lov \u0130ngilt\u0259r\u0259nin Oksford Universitetind\u0259 elmi ezamiyy\u0259td\u0259 olub<\/p>\n","protected":false},"author":6,"featured_media":0,"parent":2895,"menu_order":0,"comment_status":"closed","ping_status":"closed","template":"","meta":{"footnotes":""},"_links":{"self":[{"href":"https:\/\/www.imm.az\/exp\/wp-json\/wp\/v2\/pages\/11481"}],"collection":[{"href":"https:\/\/www.imm.az\/exp\/wp-json\/wp\/v2\/pages"}],"about":[{"href":"https:\/\/www.imm.az\/exp\/wp-json\/wp\/v2\/types\/page"}],"author":[{"embeddable":true,"href":"https:\/\/www.imm.az\/exp\/wp-json\/wp\/v2\/users\/6"}],"replies":[{"embeddable":true,"href":"https:\/\/www.imm.az\/exp\/wp-json\/wp\/v2\/comments?post=11481"}],"version-history":[{"count":3,"href":"https:\/\/www.imm.az\/exp\/wp-json\/wp\/v2\/pages\/11481\/revisions"}],"predecessor-version":[{"id":11511,"href":"https:\/\/www.imm.az\/exp\/wp-json\/wp\/v2\/pages\/11481\/revisions\/11511"}],"up":[{"embeddable":true,"href":"https:\/\/www.imm.az\/exp\/wp-json\/wp\/v2\/pages\/2895"}],"wp:attachment":[{"href":"https:\/\/www.imm.az\/exp\/wp-json\/wp\/v2\/media?parent=11481"}],"curies":[{"name":"wp","href":"https:\/\/api.w.org\/{rel}","templated":true}]}}