{"id":1368,"date":"2014-04-29T15:44:38","date_gmt":"2014-04-29T10:44:38","guid":{"rendered":"http:\/\/www.imm.az\/exp\/?page_id=1368"},"modified":"2014-06-27T11:30:05","modified_gmt":"2014-06-27T06:30:05","slug":"m%c9%99mm%c9%99dova-hicran-%c9%99li-qizi","status":"publish","type":"page","link":"https:\/\/www.imm.az\/exp\/%c9%99m%c9%99kdaslar\/m%c9%99mm%c9%99dova-hicran-%c9%99li-qizi\/","title":{"rendered":"M\u0259mm\u0259dova Hicran \u018fli q\u0131z\u0131"},"content":{"rendered":"<p><strong>Son be\u015f ild\u0259 \u00e7ap olunmu\u015f \u0259sas elmi i\u015fl\u0259rinin siyah\u0131s\u0131<\/strong><\/p>\n<ol>\n<li>\u041f\u043e\u043f\u0435\u0440\u0435\u0447\u043d\u044b\u0439 \u0432\u044f\u0437\u043a\u043e\u0443\u043f\u0440\u0443\u0433\u0438\u0439 \u0438\u0437\u0433\u0438\u0431-\u0431\u0440\u0443\u0441\u0430, \u044d\u043b\u043b\u0438\u043f\u0442\u0438\u0447\u0435\u0441-\u043a\u043e\u0433\u043e \u043f\u043e\u043f\u0435\u0440\u0435\u0447\u043d\u043e\u0433\u043e \u0441\u0435\u0447\u0435\u043d\u0438\u044f. \u0424\u0443\u043d\u043a\u0446\u0438\u043e\u043d\u0430\u043b\u044c\u043d\u044b\u0439 \u0430\u043d\u0430\u043b\u0438\u0437 \u0438 \u0435\u0433\u043e \u043f\u0440\u0438\u043b\u043e\u0436\u0435\u043d\u0438\u044f. \u043c\u0430\u0442\u0435\u0440. \u0411\u0430\u043a\u0443 2011, \u0441.336-338.<\/li>\n<li>\u041a\u043e\u0440\u0440\u043e\u0437\u0438\u043e\u043d\u043d\u043e\u0435 \u0440\u0430\u0437\u0440\u0443\u0448\u0435\u043d\u0438\u0435 \u0442\u043e\u043b\u0441\u0442\u043e\u0441\u0442\u0435\u043d\u043d\u043e\u0439 \u0442\u0440\u0443\u0431\u044b \u043d\u0430\u0445\u043e\u0434\u044f\u0449\u0438\u0439\u0441\u044f \u043f\u043e\u0434 \u0434\u0435\u0439\u0441\u0442\u0432\u0438\u0435\u043c \u043a\u0440\u0443\u0442\u044f\u0449\u0435\u0433\u043e \u043c\u043e\u043c\u0435\u043d\u0442\u0430. \u0424\u0443\u043d\u043a\u0446\u0438\u043e\u043d\u0430\u043b\u044c\u043d\u044b\u0439 \u0430\u043d\u0430\u043b\u0438\u0437 \u0438 \u0435\u0433\u043e \u043f\u0440\u0438\u043b\u043e\u0436\u0435\u043d\u0438\u044f. \u043c\u0430\u0442\u0435\u0440. \u0411\u0430\u043a\u0443 2011, \u0441.222-224.<\/li>\n<li>\u041a\u043e\u0440\u0440\u043e\u0437\u0438\u043e\u043d\u043d\u043e\u0435 \u0440\u0430\u0437\u0440\u0443\u0448\u0435\u043d\u0438\u0435 \u043f\u0440\u0438 \u0438\u0437\u0433\u0438\u0431\u0435 \u0431\u0430\u043b\u043a\u0438 \u043d\u0430 \u0434\u0432\u0443\u0445 \u043e\u043f\u043e\u0440\u0430\u0445 \u043f\u043e\u0434 \u0441\u043f\u043b\u043e\u0448\u043d\u043e\u0439 \u0440\u0430\u0432\u043d\u043e\u043c\u0435\u0440\u043d\u043e\u0439 \u043d\u0430\u0433\u0440\u0443\u0437\u043a\u0438. \u0422\u0435\u043e\u0440\u0438\u044f \u0444\u0443\u043d\u043a\u0446\u0438\u0439 \u0438 \u043f\u0440\u043e\u0431\u043b\u0435\u043c\u044b \u0433\u0430\u0440\u043c\u043e\u043d\u0438\u0447\u0435\u0441\u043a\u043e\u0433\u043e \u0430\u043d\u0430\u043b\u0438\u0437\u0430 \u043c\u0430\u0442\u0435\u0440. 2012, \u0441.137-138.<\/li>\n<li>\u0423\u0441\u0442\u0430\u043d\u043e\u0432\u0438\u0432\u0448\u0438\u0435\u0441\u044f \u043a\u043e\u043b\u0435\u0431\u0430\u043d\u0438\u044f \u0442\u043e\u043d\u043a\u043e\u0441\u0442\u0435\u043d\u043d\u043e\u0439 \u0432\u044f\u0437\u043a\u043e-\u0443\u043f\u0440\u0443\u0433\u043e\u0439 \u043e\u0431\u043e\u043b\u043e\u0447\u043a\u0438 \u043a\u043e\u043d\u0435\u0447\u043d\u043e\u0439 \u0434\u043b\u0438\u043d\u044b \u043f\u0440\u0438 \u0441\u0438\u043d\u0433\u0443\u043b\u044f\u0440\u043d\u043e\u043c \u044f\u0434\u0440\u0435 \u043f\u043e\u043b\u0437\u0443\u0447\u0435\u0441\u0442\u0438 \u043c\u0430\u0442\u0435\u0440\u0438\u0430\u043b\u0430 \u043e\u0431\u043e\u043b\u043e\u0447\u043a\u0438.<\/li>\n<\/ol>\n","protected":false},"excerpt":{"rendered":"<p>Son be\u015f ild\u0259 \u00e7ap olunmu\u015f \u0259sas elmi i\u015fl\u0259rinin siyah\u0131s\u0131 \u041f\u043e\u043f\u0435\u0440\u0435\u0447\u043d\u044b\u0439 \u0432\u044f\u0437\u043a\u043e\u0443\u043f\u0440\u0443\u0433\u0438\u0439 \u0438\u0437\u0433\u0438\u0431-\u0431\u0440\u0443\u0441\u0430, \u044d\u043b\u043b\u0438\u043f\u0442\u0438\u0447\u0435\u0441-\u043a\u043e\u0433\u043e \u043f\u043e\u043f\u0435\u0440\u0435\u0447\u043d\u043e\u0433\u043e \u0441\u0435\u0447\u0435\u043d\u0438\u044f. \u0424\u0443\u043d\u043a\u0446\u0438\u043e\u043d\u0430\u043b\u044c\u043d\u044b\u0439 \u0430\u043d\u0430\u043b\u0438\u0437 \u0438 \u0435\u0433\u043e \u043f\u0440\u0438\u043b\u043e\u0436\u0435\u043d\u0438\u044f. \u043c\u0430\u0442\u0435\u0440. \u0411\u0430\u043a\u0443 2011, \u0441.336-338. \u041a\u043e\u0440\u0440\u043e\u0437\u0438\u043e\u043d\u043d\u043e\u0435 \u0440\u0430\u0437\u0440\u0443\u0448\u0435\u043d\u0438\u0435 \u0442\u043e\u043b\u0441\u0442\u043e\u0441\u0442\u0435\u043d\u043d\u043e\u0439 \u0442\u0440\u0443\u0431\u044b \u043d\u0430\u0445\u043e\u0434\u044f\u0449\u0438\u0439\u0441\u044f \u043f\u043e\u0434 \u0434\u0435\u0439\u0441\u0442\u0432\u0438\u0435\u043c \u043a\u0440\u0443\u0442\u044f\u0449\u0435\u0433\u043e \u043c\u043e\u043c\u0435\u043d\u0442\u0430. \u0424\u0443\u043d\u043a\u0446\u0438\u043e\u043d\u0430\u043b\u044c\u043d\u044b\u0439 \u0430\u043d\u0430\u043b\u0438\u0437 \u0438 \u0435\u0433\u043e \u043f\u0440\u0438\u043b\u043e\u0436\u0435\u043d\u0438\u044f. \u043c\u0430\u0442\u0435\u0440. \u0411\u0430\u043a\u0443 2011, \u0441.222-224. \u041a\u043e\u0440\u0440\u043e\u0437\u0438\u043e\u043d\u043d\u043e\u0435 \u0440\u0430\u0437\u0440\u0443\u0448\u0435\u043d\u0438\u0435 \u043f\u0440\u0438 \u0438\u0437\u0433\u0438\u0431\u0435 \u0431\u0430\u043b\u043a\u0438 \u043d\u0430 \u0434\u0432\u0443\u0445 \u043e\u043f\u043e\u0440\u0430\u0445 \u043f\u043e\u0434 \u0441\u043f\u043b\u043e\u0448\u043d\u043e\u0439 \u0440\u0430\u0432\u043d\u043e\u043c\u0435\u0440\u043d\u043e\u0439 \u043d\u0430\u0433\u0440\u0443\u0437\u043a\u0438. \u0422\u0435\u043e\u0440\u0438\u044f [&hellip;]<\/p>\n","protected":false},"author":6,"featured_media":0,"parent":260,"menu_order":0,"comment_status":"open","ping_status":"open","template":"","meta":{"footnotes":""},"_links":{"self":[{"href":"https:\/\/www.imm.az\/exp\/wp-json\/wp\/v2\/pages\/1368"}],"collection":[{"href":"https:\/\/www.imm.az\/exp\/wp-json\/wp\/v2\/pages"}],"about":[{"href":"https:\/\/www.imm.az\/exp\/wp-json\/wp\/v2\/types\/page"}],"author":[{"embeddable":true,"href":"https:\/\/www.imm.az\/exp\/wp-json\/wp\/v2\/users\/6"}],"replies":[{"embeddable":true,"href":"https:\/\/www.imm.az\/exp\/wp-json\/wp\/v2\/comments?post=1368"}],"version-history":[{"count":2,"href":"https:\/\/www.imm.az\/exp\/wp-json\/wp\/v2\/pages\/1368\/revisions"}],"predecessor-version":[{"id":2628,"href":"https:\/\/www.imm.az\/exp\/wp-json\/wp\/v2\/pages\/1368\/revisions\/2628"}],"up":[{"embeddable":true,"href":"https:\/\/www.imm.az\/exp\/wp-json\/wp\/v2\/pages\/260"}],"wp:attachment":[{"href":"https:\/\/www.imm.az\/exp\/wp-json\/wp\/v2\/media?parent=1368"}],"curies":[{"name":"wp","href":"https:\/\/api.w.org\/{rel}","templated":true}]}}