{"id":14931,"date":"2017-10-23T15:55:41","date_gmt":"2017-10-23T11:55:41","guid":{"rendered":"http:\/\/www.imm.az\/exp\/?page_id=14931"},"modified":"2020-01-21T12:33:41","modified_gmt":"2020-01-21T08:33:41","slug":"ictimaiyy%c9%99tl%c9%99-%c9%99laq%c9%99l%c9%99r-sb%c9%99si","status":"publish","type":"page","link":"https:\/\/www.imm.az\/exp\/sob%c9%99l%c9%99r\/ictimaiyy%c9%99tl%c9%99-%c9%99laq%c9%99l%c9%99r-sb%c9%99si\/","title":{"rendered":"\u0130ctimaiyy\u0259tl\u0259 \u0259laq\u0259l\u0259r \u015f\u00f6b\u0259si"},"content":{"rendered":"<table style=\"border: none;\" border=\"0\" width=\"100%\" cellspacing=\"0\" cellpadding=\"0\">\n<tbody>\n<tr>\n<td valign=\"top\" width=\"193\"><strong>Struktur b\u00f6lm\u0259nin r\u0259hb\u0259ri:<\/strong><\/td>\n<td>Xumar S\u00f6hrab\u00a0q\u0131z\u0131 M\u0259h\u0259rr\u0259mova<\/td>\n<\/tr>\n<tr>\n<td valign=\"top\"><\/td>\n<td><\/td>\n<\/tr>\n<tr>\n<td valign=\"top\"><strong>Tel.:<\/strong><\/td>\n<td>(+99450) 5300630<\/td>\n<\/tr>\n<tr>\n<td valign=\"top\"><strong>E-mail:<\/strong><\/td>\n<td>khumar2008@rambler.ru<\/td>\n<\/tr>\n<tr>\n<td valign=\"top\"><strong>\u0130\u015f\u00e7il\u0259rin \u00fcmumi sayi:<\/strong><\/td>\n<td>2<\/td>\n<\/tr>\n<tr>\n<td valign=\"top\"><\/td>\n<td><\/td>\n<\/tr>\n<tr>\n<td valign=\"top\"><strong>Struktur b\u00f6lm\u0259nin \u0259sas f\u0259aliyy\u0259t istiqam\u0259tl\u0259ri:<\/strong><\/td>\n<td style=\"text-align: justify;\">\u0130ctimaiyy\u0259tl\u0259 \u0259laq\u0259l\u0259r Az\u0259rbaycan Milli Elml\u0259r Akademiyas\u0131 Riyaziyyat v\u0259 Mexanika \u0130nstitutunun \u0259sas f\u0259aliyy\u0259t istiqam\u0259tl\u0259rind\u0259ndir. \u015e\u00f6b\u0259nin \u0259sas funksiyalar\u0131na: K\u00fctl\u0259vi \u0130nformasiya Vasit\u0259l\u0259ri (K\u0130V) il\u0259 \u0259m\u0259kda\u015fl\u0131q, AMEA Riyaziyyat v\u0259 Mexanika \u0130nstitutunun elmi v\u0259 ictimai f\u0259aliyy\u0259tini Az\u0259rbaycan v\u0259 d\u00fcnya elmi ictimaiyy\u0259tin\u0259 \u00e7atd\u0131rmaq daxildir.<\/td>\n<\/tr>\n<tr>\n<td valign=\"top\"><\/td>\n<td><\/td>\n<\/tr>\n<tr>\n<td valign=\"top\"><strong>\u015e\u00f6b\u0259nin \u0259sas i\u015f prinsipl\u0259ri:<\/strong><\/td>\n<td>\n<ul>\n<li style=\"text-align: justify;\">\u0130nstitutun veb s\u0259hif\u0259sinin operativ idar\u0259 olunmas\u0131, yenil\u0259nm\u0259si, m\u0259lumatlar\u0131n toplanmas\u0131n\u0131, emal\u0131n\u0131 v\u0259 \u00fc\u00e7 dild\u0259 (az\u0259rbaycan dili, ingilis dili v\u0259 rus dilind\u0259) dol\u011fun v\u0259 d\u00fczg\u00fcn x\u0259b\u0259rl\u0259rl\u0259 t\u0259min edilm\u0259si;<\/li>\n<li style=\"text-align: justify;\">\u0130nstitutun strukturunda elmi v\u0259 k\u00f6m\u0259k\u00e7i \u015f\u00f6b\u0259l\u0259rin f\u0259aliyy\u0259tini istitutun r\u0259smi sayt\u0131nda i\u015f\u0131qland\u0131r\u0131lmas\u0131n\u0131 t\u0259min etm\u0259k;<\/li>\n<li style=\"text-align: justify;\">M\u00fct\u0259madi olaraq \u0130nstitutda ke\u00e7iril\u0259n t\u0259dbirl\u0259ri, aliml\u0259rin ezamiyy\u0259tinin v\u0259 elmi i\u015fl\u0259rin , n\u0259\u015fr f\u0259aliyy\u0259tinin (m\u0259qal\u0259, monaqrafiya, kitab) saytda v\u0259 yerli K\u0130V-d\u0259 i\u015f\u0131qland\u0131r\u0131lmas\u0131n\u0131 t\u0259min etm\u0259k;<\/li>\n<li style=\"text-align: justify;\">\u0130stitut aliml\u0259rinin r\u0259smi elektron \u00fcnvanlar\u0131n a\u00e7\u0131lmas\u0131, onlar\u0131n idar\u0259 olunmas\u0131 v\u0259 veb s\u0259hif\u0259nin arxivl\u0259\u015fm\u0259si;<\/li>\n<li style=\"text-align: justify;\">\u0130nstitutun strukturunda olan b\u00fct\u00fcn \u015f\u00f6b\u0259l\u0259rin elmi v\u0259 elmi t\u0259\u015fkilati f\u0259aliyy\u0259ti haqq\u0131nda yar\u0131millik v\u0259 illik hesabatlar\u0131n\u0131n istitutun r\u0259smi sayt\u0131nda yerl\u0259\u015fdirilm\u0259si;<\/li>\n<li style=\"text-align: justify;\">\u0130nstitutun tarixi v\u0259 aliml\u0259ri haqq\u0131nda m\u0259lumatlar\u0131n institutun veb s\u0259hif\u0259sind\u0259 i\u015f\u0131qland\u0131r\u0131lmas\u0131.<\/li>\n<\/ul>\n<\/td>\n<\/tr>\n<\/tbody>\n<\/table>\n","protected":false},"excerpt":{"rendered":"<p>Struktur b\u00f6lm\u0259nin r\u0259hb\u0259ri: Xumar S\u00f6hrab\u00a0q\u0131z\u0131 M\u0259h\u0259rr\u0259mova Tel.: (+99450) 5300630 E-mail: khumar2008@rambler.ru \u0130\u015f\u00e7il\u0259rin \u00fcmumi sayi: 2 Struktur b\u00f6lm\u0259nin \u0259sas f\u0259aliyy\u0259t istiqam\u0259tl\u0259ri: \u0130ctimaiyy\u0259tl\u0259 \u0259laq\u0259l\u0259r Az\u0259rbaycan Milli Elml\u0259r Akademiyas\u0131 Riyaziyyat v\u0259 Mexanika \u0130nstitutunun \u0259sas f\u0259aliyy\u0259t istiqam\u0259tl\u0259rind\u0259ndir. \u015e\u00f6b\u0259nin \u0259sas funksiyalar\u0131na: K\u00fctl\u0259vi \u0130nformasiya Vasit\u0259l\u0259ri (K\u0130V) il\u0259 \u0259m\u0259kda\u015fl\u0131q, AMEA Riyaziyyat v\u0259 Mexanika \u0130nstitutunun elmi v\u0259 ictimai f\u0259aliyy\u0259tini Az\u0259rbaycan v\u0259 d\u00fcnya elmi [&hellip;]<\/p>\n","protected":false},"author":6,"featured_media":0,"parent":203,"menu_order":0,"comment_status":"closed","ping_status":"closed","template":"","meta":{"footnotes":""},"_links":{"self":[{"href":"https:\/\/www.imm.az\/exp\/wp-json\/wp\/v2\/pages\/14931"}],"collection":[{"href":"https:\/\/www.imm.az\/exp\/wp-json\/wp\/v2\/pages"}],"about":[{"href":"https:\/\/www.imm.az\/exp\/wp-json\/wp\/v2\/types\/page"}],"author":[{"embeddable":true,"href":"https:\/\/www.imm.az\/exp\/wp-json\/wp\/v2\/users\/6"}],"replies":[{"embeddable":true,"href":"https:\/\/www.imm.az\/exp\/wp-json\/wp\/v2\/comments?post=14931"}],"version-history":[{"count":5,"href":"https:\/\/www.imm.az\/exp\/wp-json\/wp\/v2\/pages\/14931\/revisions"}],"predecessor-version":[{"id":29561,"href":"https:\/\/www.imm.az\/exp\/wp-json\/wp\/v2\/pages\/14931\/revisions\/29561"}],"up":[{"embeddable":true,"href":"https:\/\/www.imm.az\/exp\/wp-json\/wp\/v2\/pages\/203"}],"wp:attachment":[{"href":"https:\/\/www.imm.az\/exp\/wp-json\/wp\/v2\/media?parent=14931"}],"curies":[{"name":"wp","href":"https:\/\/api.w.org\/{rel}","templated":true}]}}