{"id":159,"date":"2014-02-03T12:39:25","date_gmt":"2014-02-03T12:39:25","guid":{"rendered":"http:\/\/centralbaku.com\/imm\/?page_id=159"},"modified":"2016-05-11T12:32:27","modified_gmt":"2016-05-11T08:32:27","slug":"kitabxana","status":"publish","type":"page","link":"https:\/\/www.imm.az\/exp\/kitabxana\/","title":{"rendered":"Kitabxana"},"content":{"rendered":"<p style=\"text-align: justify;\"><a href=\"https:\/\/www.imm.az\/exp\/wp-content\/uploads\/2014\/05\/Xalida_Yaqubova.imm_-1.jpg\" rel=\"attachment wp-att-8244\"><img loading=\"lazy\" decoding=\"async\" class=\"alignleft size-medium wp-image-8244\" src=\"https:\/\/www.imm.az\/exp\/wp-content\/uploads\/2014\/05\/Xalida_Yaqubova.imm_-1-300x200.jpg\" alt=\"Xalida_Yaqubova.imm\" width=\"300\" height=\"200\" srcset=\"https:\/\/www.imm.az\/exp\/wp-content\/uploads\/2014\/05\/Xalida_Yaqubova.imm_-1-300x200.jpg 300w, https:\/\/www.imm.az\/exp\/wp-content\/uploads\/2014\/05\/Xalida_Yaqubova.imm_-1.jpg 700w\" sizes=\"(max-width: 300px) 100vw, 300px\" \/><\/a>\u0410\u041c\u0415\u0410 Riyaziyyat v\u0259 \u00a0\u041c\u0435\u0445anika \u0130nstitutunun kitabxanas\u0131 1959-cu ild\u0259n f\u0259aliyy\u0259t \u00a0g\u00f6st\u0259rir. 1977-ci ild\u0259n kitabxanya Xalid\u0259 Yaqubova r\u0259hb\u0259rlik edir.<\/p>\n<p style=\"text-align: justify;\">Riyaziyyat v\u0259 \u00a0\u041c\u0435\u0445anika \u0130nstitutunun kitabxanas\u0131 Milli Elmi kitabxanan\u0131n bazas\u0131n\u0131n \u0259sas\u0131nda yarad\u0131l\u0131b. Kitabxanan\u0131n fondunda g\u00f6rk\u0259mli alim riyaziyyat\u00e7\u0131lar\u0131n v\u0259 mexaniklar\u0131n \u015f\u0259xsi fondlar\u0131 yerl\u0259\u015fir. Bunlardan Z.\u0130.X\u0259lilovun, F.Q.Maqsudovun, \u015e.\u0130.V\u0259kilovun, H.N.A\u011fayevin, Y.M.M\u0259mm\u0259dovun v\u0259 b.\u00a0Kitabxanan\u0131n fondunda xarici v\u0259 rus n\u0259\u015frl\u0259ri yerl\u0259\u015fir.<\/p>\n<p style=\"text-align: justify;\">Ha\u00adz\u0131r\u00adda ki\u00adtab fon\u00addu\u00adnun h\u0259c\u00admi- 20052, o c\u00fcm\u00adl\u0259\u00add\u0259n xa\u00adri\u00adci dil\u00add\u0259 &#8212; 1051 n\u00fcs\u00adx\u0259. D\u00f6v\u00adri m\u0259tbuat fon\u00addu\u00adnun h\u0259c\u00admi &#8211; 25893 n\u00fcs\u00adx\u0259, o c\u00fcm\u00adl\u0259\u00add\u0259n xa\u00adri\u00adci dil\u00add\u0259 &#8212; 13671 n\u00fcs\u00adx\u0259. X\u00fc\u00adsu\u00adsi n\u00f6v \u0259d\u0259biy\u00adyat fon\u00addu\u00adnun h\u0259c\u00admi 21921, o c\u00fcm\u00adl\u0259\u00add\u0259n xa\u00adri\u00adci dil\u00add\u0259 &#8212; 6827 n\u00fcs\u00adx\u0259. \u00dcmu\u00admi fondun h\u0259c\u00admi &#8212; 67866 n\u00fcs\u00adx\u0259, o c\u00fcm\u00adl\u0259\u00add\u0259n 21550 n\u00fcs\u00adx\u0259 xa\u00adri\u00adci dil\u00add\u0259 olan \u0259d\u0259\u00adbiy\u00adyat\u00addan ibar\u0259t\u00addir.<br \/>\nKitabxanada \u0259lifba sistemli kitab kataloqlar\u0131 (az\u0259rbaycan, rus v\u0259 xarici dill\u0259rd\u0259) var. Dissertasiyalar\u0131n, avtoreferatlar\u0131n, preprintl\u0259rin, ksero- kopiyalar\u0131n kartotekalar\u0131 yerl\u0259\u015fir.<\/p>\n<p style=\"text-align: justify;\">Oxuculara xidm\u0259t.<br \/>\nRM\u0130-nin kitabxanas\u0131ndan Kibernetika institutunun, Fizika institutunun \u0259m\u0259kda\u015flar\u0131 v\u0259 BDU-nin m\u00fc\u0259llim v\u0259 t\u0259l\u0259b\u0259l\u0259ri istifad\u0259 edirl\u0259r.<\/p>\n","protected":false},"excerpt":{"rendered":"<p>\u0410\u041c\u0415\u0410 Riyaziyyat v\u0259 \u00a0\u041c\u0435\u0445anika \u0130nstitutunun kitabxanas\u0131 1959-cu ild\u0259n f\u0259aliyy\u0259t \u00a0g\u00f6st\u0259rir. 1977-ci ild\u0259n kitabxanya Xalid\u0259 Yaqubova r\u0259hb\u0259rlik edir. Riyaziyyat v\u0259 \u00a0\u041c\u0435\u0445anika \u0130nstitutunun kitabxanas\u0131 Milli Elmi kitabxanan\u0131n bazas\u0131n\u0131n \u0259sas\u0131nda yarad\u0131l\u0131b. Kitabxanan\u0131n fondunda g\u00f6rk\u0259mli alim riyaziyyat\u00e7\u0131lar\u0131n v\u0259 mexaniklar\u0131n \u015f\u0259xsi fondlar\u0131 yerl\u0259\u015fir. Bunlardan Z.\u0130.X\u0259lilovun, F.Q.Maqsudovun, \u015e.\u0130.V\u0259kilovun, H.N.A\u011fayevin, Y.M.M\u0259mm\u0259dovun v\u0259 b.\u00a0Kitabxanan\u0131n fondunda xarici v\u0259 rus n\u0259\u015frl\u0259ri yerl\u0259\u015fir. Ha\u00adz\u0131r\u00adda ki\u00adtab fon\u00addu\u00adnun [&hellip;]<\/p>\n","protected":false},"author":6,"featured_media":0,"parent":0,"menu_order":0,"comment_status":"open","ping_status":"open","template":"","meta":{"footnotes":""},"_links":{"self":[{"href":"https:\/\/www.imm.az\/exp\/wp-json\/wp\/v2\/pages\/159"}],"collection":[{"href":"https:\/\/www.imm.az\/exp\/wp-json\/wp\/v2\/pages"}],"about":[{"href":"https:\/\/www.imm.az\/exp\/wp-json\/wp\/v2\/types\/page"}],"author":[{"embeddable":true,"href":"https:\/\/www.imm.az\/exp\/wp-json\/wp\/v2\/users\/6"}],"replies":[{"embeddable":true,"href":"https:\/\/www.imm.az\/exp\/wp-json\/wp\/v2\/comments?post=159"}],"version-history":[{"count":8,"href":"https:\/\/www.imm.az\/exp\/wp-json\/wp\/v2\/pages\/159\/revisions"}],"predecessor-version":[{"id":8247,"href":"https:\/\/www.imm.az\/exp\/wp-json\/wp\/v2\/pages\/159\/revisions\/8247"}],"wp:attachment":[{"href":"https:\/\/www.imm.az\/exp\/wp-json\/wp\/v2\/media?parent=159"}],"curies":[{"name":"wp","href":"https:\/\/api.w.org\/{rel}","templated":true}]}}