{"id":217,"date":"2014-02-09T08:49:27","date_gmt":"2014-02-09T08:49:27","guid":{"rendered":"http:\/\/centralbaku.com\/imm\/?page_id=217"},"modified":"2019-03-14T14:49:54","modified_gmt":"2019-03-14T10:49:54","slug":"elastiklik-v%c9%99-plastiklik-n%c9%99z%c9%99riyy%c9%99si-sob%c9%99si","status":"publish","type":"page","link":"https:\/\/www.imm.az\/exp\/sob%c9%99l%c9%99r\/elastiklik-v%c9%99-plastiklik-n%c9%99z%c9%99riyy%c9%99si-sob%c9%99si\/","title":{"rendered":"Elastiklik v\u0259 plastiklik n\u0259z\u0259riyy\u0259si \u015f\u00f6b\u0259si"},"content":{"rendered":"<p><img loading=\"lazy\" decoding=\"async\" class=\"alignleft size-full wp-image-3846\" src=\"https:\/\/www.imm.az\/exp\/wp-content\/uploads\/2014\/02\/Elastiklik_ve_plastiklik_ne.jpg\" alt=\"Elastiklik_ve_plastiklik_ne\" width=\"600\" height=\"400\" srcset=\"https:\/\/www.imm.az\/exp\/wp-content\/uploads\/2014\/02\/Elastiklik_ve_plastiklik_ne.jpg 600w, https:\/\/www.imm.az\/exp\/wp-content\/uploads\/2014\/02\/Elastiklik_ve_plastiklik_ne-300x200.jpg 300w\" sizes=\"(max-width: 600px) 100vw, 600px\" \/><\/p>\n<table style=\"border: none;\" border=\"0\" width=\"100%\" cellspacing=\"0\" cellpadding=\"0\">\n<tbody>\n<tr>\n<td valign=\"top\" width=\"193\"><strong>Struktur b\u00f6lm\u0259nin r\u0259hb\u0259ri: :<\/strong><\/td>\n<td>Vaqif Camal oglu Hac\u0131yev<br \/>\nFikika-riyaziyyat elml\u0259ri doktoru, professor.<\/td>\n<\/tr>\n<tr>\n<td valign=\"top\"><\/td>\n<td><\/td>\n<\/tr>\n<tr>\n<td valign=\"top\"><strong>Tel:<\/strong><\/td>\n<td>(+994 12) 3238933<\/td>\n<\/tr>\n<tr>\n<td valign=\"top\"><strong>E-mail:<\/strong><\/td>\n<td><a href=\"mailto:vagif.haciyev@imm.az\">vagif.haciyev@imm.az<\/a>,\u00a0<a href=\"mailto:shnikav@gmail.com\">shnikav@gmail.com<\/a><\/td>\n<\/tr>\n<tr>\n<td valign=\"top\"><strong>\u0130\u015f\u00e7il\u0259rin \u00fcmumi say\u0131:<\/strong><\/td>\n<td>10<\/td>\n<\/tr>\n<tr>\n<td valign=\"top\"><\/td>\n<td><\/td>\n<\/tr>\n<tr>\n<td valign=\"top\"><strong>Struktur b\u00f6lm\u0259nin \u0259sas f\u0259aliyy\u0259t istiqam\u0259tl\u0259ri:<\/strong><\/td>\n<td>Elastik, \u00f6zl\u00fc-elastik v\u0259 elastik-plastik konstruksiya elementl\u0259rinin m\u00f6hk\u0259mlik, dayan\u0131ql\u0131q v\u0259 r\u0259qsi h\u0259r\u0259k\u0259tl\u0259rinin t\u0259dqiqi.<\/td>\n<\/tr>\n<tr>\n<td valign=\"top\"><\/td>\n<td><\/td>\n<\/tr>\n<tr>\n<td valign=\"top\"><strong>Struktur b\u00f6lm\u0259nin \u0259sas elmi n\u0259tic\u0259l\u0259ri:<\/strong><\/td>\n<td>\n<ul>\n<li>Ba\u015flan\u011f\u0131c g\u0259rginlikli elastik plastik konstruksiya elementl\u0259rinin dayan\u0131ql\u0131q n\u0259z\u0259riyy\u0259si qurulmu\u015fdur. \u018fsas \u0259laq\u0259l\u0259r v\u0259 diferensial t\u0259nlikl\u0259r \u00e7\u0131xar\u0131lm\u0131\u015fd\u0131r v\u0259 h\u0259ll metodlar\u0131 qurulmu\u015fdur.<\/li>\n<li>Dart\u0131lmaya v\u0259 s\u0131x\u0131lmaya m\u00fcxt\u0259lif m\u00fcqavim\u0259t g\u00f6st\u0259r\u0259n materiallardan haz\u0131rlanm\u0131\u015f tir, l\u00f6vh\u0259 v\u0259 qab\u0131qlar\u0131n dayan\u0131ql\u0131\u011f\u0131 tam \u00f6yr\u0259nilmi\u015fdir.<\/li>\n<li>Elastik plastik l\u00f6vh\u0259l\u0259rin m\u00fcr\u0259kk\u0259b y\u00fckl\u0259m\u0259d\u0259 dayan\u0131ql\u0131q n\u0259z\u0259riyy\u0259si t\u0259dqiq olunub v\u0259 konkret m\u0259s\u0259l\u0259l\u0259r h\u0259ll olunmu\u015fdur.<\/li>\n<li>Qeyri bircins ortotrop l\u00f6vh\u0259 v\u0259 qab\u0131qlar\u0131n dayan\u0131ql\u0131\u011f\u0131 v\u0259 r\u0259qsi h\u0259r\u0259k\u0259tl\u0259ri m\u0259s\u0259l\u0259l\u0259ri, xarici m\u00fcqavim\u0259ti n\u0259z\u0259r\u0259 almaqla h\u0259ll olunmu\u015fdur.<\/li>\n<li style=\"text-align: justify;\">M\u00fcst\u0259vi tirl\u0259r ortotrop dair\u0259vi membranlar, a\u00e7\u0131q v\u0259 qapal\u0131 profilli m\u00fctl\u0259q \u00e7evik olan f\u0131rlanma \u00f6rt\u00fckl\u0259rinin oxa n\u0259z\u0259r\u0259n simmetrik b\u00f6y\u00fck (vahid v\u0259 daha b\u00f6y\u00fck t\u0259rtibd\u0259) deformasiyadan sonrak\u0131 qal\u0131nl\u0131\u011fa v\u0259 orta s\u0259thin formas\u0131na n\u0259z\u0259r\u0259n m\u00fcxt\u0259lif t\u0259rs m\u0259s\u0259l\u0259l\u0259ri t\u0259dqiq edilmi\u015f v\u0259 bunlardan bir \u00e7oxlar\u0131n\u0131n parametrik \u015f\u0259kild\u0259 analitik h\u0259ll\u0259ri al\u0131nm\u0131\u015fd\u0131r.<\/li>\n<li style=\"text-align: justify;\">B\u00fct\u00f6v m\u00fchit mexanikas\u0131 \u00e7\u0259r\u00e7iv\u0259sind\u0259, \u00f6zl\u00fc elastik cisim v\u0259 konstruksiya elementl\u0259rinin (\u00e7ubuq, l\u00f6vh\u0259, \u00f6rt\u00fck) s\u0259rb\u0259st, m\u0259cburi, parametrik v\u0259 avto r\u0259qsl\u0259r \u00fc\u00e7\u00fcn dayan\u0131ql\u0131q flatter, divergensiya h\u0259ll metodlar\u0131 \u00fcmumil\u0259\u015fdirilmi\u015fdir.<\/li>\n<li>Plastik materialdan haz\u0131rlanm\u0131\u015f qab\u0131q v\u0259 l\u00f6vh\u0259l\u0259rin optimalla\u015fd\u0131rma m\u0259s\u0259l\u0259l\u0259ri \u00fc\u00e7\u00fcn n\u0259z\u0259riyy\u0259 qurulmu\u015f, praktiki \u0259h\u0259miyy\u0259tli m\u0259s\u0259l\u0259l\u0259r h\u0259ll edilmi\u015fdir.<\/li>\n<li>D\u00fczbucaql\u0131 prizmalarda v\u0259 silindrl\u0259rd\u0259 qeyri-stasionar dal\u011falar\u0131n yay\u0131lmas\u0131 prosesinin t\u0259dqiqi.<\/li>\n<li>\u2022D\u00fczbucaql\u0131 prizmalarda v\u0259 silindrl\u0259rd\u0259 qeyri-stasionar dal\u011falar\u0131n yay\u0131lmas\u0131 prosesinin t\u0259dqiqi.<\/li>\n<\/ul>\n<p>&nbsp;<\/td>\n<\/tr>\n<tr>\n<td><\/td>\n<td><\/td>\n<\/tr>\n<tr>\n<td valign=\"top\"><strong>Probleml\u0259r\u0259 uy\u011fun \u00e7apdan \u00e7\u0131xm\u0131\u015f \u0259s\u0259rl\u0259r:<\/strong><\/td>\n<td>\n<ul>\n<li><a href=\"\/exp\/?page_id=15700\"><strong>N\u0259\u015frl\u0259r \u2013 2017<\/strong><\/a><\/li>\n<li><a href=\"\/exp\/?page_id=9642\"><strong>N\u0259\u015frl\u0259r \u2013 2016<\/strong><\/a><\/li>\n<li><a href=\"\/exp\/?page_id=4830\"><strong>N\u0259\u015frl\u0259r \u2013 2015<\/strong><\/a><\/li>\n<li><a href=\"\/exp\/?page_id=4420\"><strong>N\u0259\u015frl\u0259r \u2013 2014<\/strong><\/a><\/li>\n<li>\u0412.\u0414. \u0413\u0430\u0434\u0436\u0438\u0435\u0432. \u041d\u0435\u043a\u043e\u0442\u043e\u0440\u044b\u0435 \u0437\u0430\u0434\u0430\u0447\u0438 \u0443\u0441\u0442\u043e\u0439\u0447\u0438\u0432\u043e\u0441\u0442\u0438 \u043f\u043b\u0430\u0441\u0442\u0438\u043d \u0438 \u043e\u0431\u043e\u043b\u043e\u0447\u0435\u043a \u043f\u0440\u0438 \u043d\u0430\u043b\u0438\u0447\u0438\u0438 \u043d\u0430\u0447\u0430\u043b\u044c\u043d\u044b\u0445 \u043d\u0430\u043f\u0440\u044f\u0436\u0435\u043d\u0438\u0439. \u0422\u0440\u0443\u0434\u044b XIV \u0432\u0441\u0435\u0441\u043e\u044e\u0437\u043d\u043e\u0439 \u043a\u043e\u043d\u0444. \u043f\u043e \u0442\u0435\u043e\u0440\u0438\u0438 \u043e\u0431\u043e\u043b\u043e\u0447\u0435\u043a \u0438 \u043f\u043b\u0430\u0441\u0442\u0438\u043d. \u041c. \u041d\u0430\u0443\u043a\u0430, 1966.<\/li>\n<li>\u0412.\u0414. \u0413\u0430\u0434\u0436\u0438\u0435\u0432. \u0412\u043b\u0438\u044f\u043d\u0438\u0435 \u0438\u0441\u0442\u043e\u0440\u0438\u0438 \u043d\u0430\u0433\u0440\u0443\u0436\u0435\u043d\u0438\u044f \u043d\u0430 \u0443\u0441\u0442\u043e\u0439\u0447\u0438\u0432\u043e\u0441\u0442\u044c \u0438 \u0437\u0430\u043a\u0440\u0438\u0442\u0438\u0447\u0435\u0441\u043a\u043e\u0435 \u043f\u043e\u0432\u0435\u0434\u0435\u043d\u0438\u0435 \u044d\u043b\u0435\u043c\u0435\u043d\u0442\u043e\u0432 \u043a\u043e\u043d\u0441\u0442\u0440\u0443\u043a\u0446\u0438\u0438. \u0412\u0441\u0435\u0441\u043e\u044e\u0437. \u0421\u0438\u0442\u043e\u0437. \u00ab \u0423\u0441\u0442\u043e\u0439\u0447\u0438\u0432\u043e\u0441\u0442\u044c \u0432 \u043c\u0435\u0445\u0430\u043d\u0438\u043a\u0435 \u0434\u0435\u0444\u043e\u0440\u043c., \u0442\u0432\u0435\u0440\u0434\u043e\u0433\u043e \u0442\u0435\u043b\u0430\u00bb, \u041a\u0430\u043b\u0438\u043d\u0438\u043d, 1986.<\/li>\n<li>\u0412.\u0414. \u0413\u0430\u0434\u0436\u0438\u0435\u0432. \u041e\u0431 \u0443\u0441\u0442\u043e\u0439\u0447\u0438\u0432\u043e\u0441\u0442\u0438 \u0438 \u043a\u043e\u043b\u0435\u0431\u0430\u043d\u0438\u0438 \u0433\u0438\u0431\u043a\u0438\u0445 \u043d\u0435\u043e\u0434\u043d\u043e\u0440\u043e\u0434\u043d\u044b\u0445 \u043f\u043b\u0430\u0441\u0442\u0438\u043d \u0438 \u043e\u0431\u043e\u043b\u043e\u0447\u0435\u043a. \u0412\u041a\u041d. \u00ab\u0422\u0440\u0443\u0434\u044b XV \u0412\u041a \u043f\u043e \u0442\u0435\u043e\u0440\u0438\u0438 \u043f\u043b\u0430\u0441\u0442\u0438\u043d \u0438 \u043e\u0431\u043e\u043b\u043e\u0447\u0435\u043a \u00bb, \u041a\u0430\u0437\u0430\u043d, 1989.<\/li>\n<li>V.D. Haciyev. On stability of the non homogeneous elastic plastic plate under redial compression. Processediss of the Baku international congres. E.E.E. Baku. 2002.<\/li>\n<li>V.D. Haciyev. Stability of continuously nonhomogencos orthotropic rectangular plate under in plane compressions. International symposium on engineering and architectural sciences of Balkan, Caucasus and Turkic Republics. 2009 Turkey, p.74.<\/li>\n<li>\u0412.\u0414. \u0413\u0430\u0434\u0436\u0438\u0435\u0432, \u0413.\u041c. \u0413\u0430\u0441\u044b\u043c\u043e\u0432. \u041e \u043f\u043e\u0442\u0435\u0440\u0438 \u0443\u0441\u0442\u043e\u0439\u0447\u0438\u0432\u043e\u0441\u0442\u0438 \u0438 \u0441\u043e\u0431\u0441\u0442\u0432\u0435\u043d\u043d\u043e\u0439 \u043a\u043e\u043b\u0435\u0431\u0430\u043d\u0438\u0438 \u043d\u0435\u043e\u0434\u043d\u043e\u0440\u043e\u0434\u043d\u043e\u0439 \u0446\u0438\u043b\u0438\u043d\u0434\u0440\u0438\u0447\u0435\u0441\u043a\u043e\u0439 \u043e\u0431\u043e\u043b\u043e\u0447\u043a\u0438 \u043a\u0440\u0443\u0433\u043e\u0432\u043e\u0433\u043e \u043f\u043e\u043f\u0435\u0440\u0435\u0447\u043d\u043e\u0433\u043e \u0441\u0435\u0447\u0435\u043d\u0438\u044f. \u0418\u0437\u0432\u0435\u0441\u0442\u0438\u044f \u041d\u0410\u041d\u0410, 2011, \u21161.<\/li>\n<li>\u0418.\u0421. \u041c\u0430\u043c\u0435\u0434\u043e\u0432. \u041d\u0430\u043f\u0440\u044f\u0436\u0435\u043d\u043d\u043e\u0435 \u0441\u043e\u0441\u0442\u043e\u044f\u043d\u0438\u0435 \u043a\u043e\u043b\u044c\u0446\u0435\u043e\u0431\u0440\u0430\u0437\u043d\u043e\u0439 \u043c\u0435\u043c\u0431\u0440\u0430\u043d\u044b \u043f\u0440\u0438 \u0431\u043e\u043b\u044c\u0448\u0438\u0445 \u0434\u0435\u0444\u043e\u0440\u043c\u0430\u0446\u0438\u044f\u0445. \u0418\u043d\u0436. \u0436\u0443\u0440\u043d. \u0424\u041d \u0421\u0421\u0421\u0420, 1969, \u0415.5, \u0432\u044b\u043f.5, \u0441. 927-935.<\/li>\n<li>\u0422.\u042e. \u0417\u0435\u0439\u043d\u0430\u043b\u043e\u0432\u0430., \u0428\u0435\u0441\u0442\u0435\u0440\u0438\u043a\u043e\u0432 \u0421.\u0410., \u041c\u0430\u043b\u0438\u043d\u0438\u043d \u041d.\u0418. G\u0440\u0438\u043b\u043e\u0436\u0435\u043d\u0438\u044f \u0442\u0435\u043e\u0440\u0438\u0438 \u0443\u0441\u0442\u043e\u0439\u0447\u0438\u0432\u043e\u0441\u0442\u0438 \u043f\u0440\u0438 \u043f\u043e\u043b\u0437\u0443\u0447\u0435\u0441\u0442\u0438 \u043a \u043f\u043e\u043b\u0438\u043c\u0435\u0440\u043d\u044b\u043c \u043c\u0430\u0442\u0435\u0440\u0438\u0430\u043b\u0430\u043c. \u0418\u0437\u0434\u0430\u0442\u0435\u043b\u044c\u0441\u0442\u0432\u043e \u00ab\u0417\u0438\u043d\u0430\u0442\u0438\u0435\u00bb \u0410\u041d \u041b\u0430\u0442\u0432. \u0421\u0421\u0420 \u00ab\u041c\u0435\u0445\u0430\u043d\u0438\u043a\u0430 \u043f\u043e\u043b\u0438\u043c\u0435\u0440\u043e\u0432\u00bb \u21161, 1972 \u0433. \u0441. 98-104.<\/li>\n<li>X.\u0130.Musayev Yat\u0131q \u00f6rt\u00fckl\u0259rd\u0259 sistem t\u0259nliyin h\u0259lli \u00fcsulu. Elmi \u0259s\u0259rl\u0259r. Fundamental \u0259s\u0259rl\u0259r. Texniki Universitet. 2013, \u21161, s\u0259h.87-89.<\/li>\n<li>V.D. Haciyev. Effect of the two-parameter elastic foundation on the critical parameters of nonhomeceneous orthotropic shells. International journal of structural stability and Dynamics. Vol.12. N: 5 (2012), 1250041 (24) pages.<\/li>\n<\/ul>\n<\/td>\n<\/tr>\n<\/tbody>\n<\/table>\n","protected":false},"excerpt":{"rendered":"<p>Struktur b\u00f6lm\u0259nin r\u0259hb\u0259ri: : Vaqif Camal oglu Hac\u0131yev Fikika-riyaziyyat elml\u0259ri doktoru, professor. Tel: (+994 12) 3238933 E-mail: vagif.haciyev@imm.az,\u00a0shnikav@gmail.com \u0130\u015f\u00e7il\u0259rin \u00fcmumi say\u0131: 10 Struktur b\u00f6lm\u0259nin \u0259sas f\u0259aliyy\u0259t istiqam\u0259tl\u0259ri: Elastik, \u00f6zl\u00fc-elastik v\u0259 elastik-plastik konstruksiya elementl\u0259rinin m\u00f6hk\u0259mlik, dayan\u0131ql\u0131q v\u0259 r\u0259qsi h\u0259r\u0259k\u0259tl\u0259rinin t\u0259dqiqi. Struktur b\u00f6lm\u0259nin \u0259sas elmi n\u0259tic\u0259l\u0259ri: Ba\u015flan\u011f\u0131c g\u0259rginlikli elastik plastik konstruksiya elementl\u0259rinin dayan\u0131ql\u0131q n\u0259z\u0259riyy\u0259si qurulmu\u015fdur. \u018fsas \u0259laq\u0259l\u0259r [&hellip;]<\/p>\n","protected":false},"author":6,"featured_media":0,"parent":203,"menu_order":0,"comment_status":"open","ping_status":"open","template":"","meta":{"footnotes":""},"_links":{"self":[{"href":"https:\/\/www.imm.az\/exp\/wp-json\/wp\/v2\/pages\/217"}],"collection":[{"href":"https:\/\/www.imm.az\/exp\/wp-json\/wp\/v2\/pages"}],"about":[{"href":"https:\/\/www.imm.az\/exp\/wp-json\/wp\/v2\/types\/page"}],"author":[{"embeddable":true,"href":"https:\/\/www.imm.az\/exp\/wp-json\/wp\/v2\/users\/6"}],"replies":[{"embeddable":true,"href":"https:\/\/www.imm.az\/exp\/wp-json\/wp\/v2\/comments?post=217"}],"version-history":[{"count":5,"href":"https:\/\/www.imm.az\/exp\/wp-json\/wp\/v2\/pages\/217\/revisions"}],"predecessor-version":[{"id":23986,"href":"https:\/\/www.imm.az\/exp\/wp-json\/wp\/v2\/pages\/217\/revisions\/23986"}],"up":[{"embeddable":true,"href":"https:\/\/www.imm.az\/exp\/wp-json\/wp\/v2\/pages\/203"}],"wp:attachment":[{"href":"https:\/\/www.imm.az\/exp\/wp-json\/wp\/v2\/media?parent=217"}],"curies":[{"name":"wp","href":"https:\/\/api.w.org\/{rel}","templated":true}]}}