{"id":218921,"date":"2025-12-13T07:06:36","date_gmt":"2025-12-13T03:06:36","guid":{"rendered":"https:\/\/www.imm.az\/exp\/?page_id=218921"},"modified":"2025-12-13T07:15:26","modified_gmt":"2025-12-13T03:15:26","slug":"sob%c9%99l%c9%99rin-illik-hesabati-2024","status":"publish","type":"page","link":"https:\/\/www.imm.az\/exp\/sob%c9%99l%c9%99rin-illik-hesabati-2024\/","title":{"rendered":"\u015e\u00f6b\u0259l\u0259rin illik hesabat\u0131 \u2013 2024"},"content":{"rendered":"\n<p>2024 | <a href=\"https:\/\/www.imm.az\/exp\/sob%c9%99l%c9%99rin-illik-hesabati-2023\/\">2023<\/a> | <a href=\"https:\/\/www.imm.az\/exp\/sob%C9%99l%C9%99rin-illik-hesabati-2022\/\">2022<\/a> | <a href=\"https:\/\/www.imm.az\/exp\/sob%c9%99l%c9%99rin-illik-hesabati-2021\/\">2021<\/a> | <a href=\"https:\/\/www.imm.az\/exp\/sob%C9%99l%C9%99rin-illik-hesabati-2020\/\">2020<\/a> |\u00a0<a href=\"https:\/\/www.imm.az\/exp\/sob%c9%99l%c9%99rin-illik-hesabati-2019\/\">2019\u00a0<\/a>|\u00a0<a href=\"https:\/\/www.imm.az\/exp\/?page_id=21756\">2018<\/a>\u00a0|\u00a0<a href=\"https:\/\/www.imm.az\/exp\/?page_id=15381\">2017<\/a>\u00a0|\u00a0<a href=\"https:\/\/www.imm.az\/exp\/?page_id=9495\">2016<\/a>\u00a0|\u00a0<a href=\"https:\/\/www.imm.az\/exp\/?page_id=2893\">2015<\/a>\u00a0|\u00a0<a href=\"https:\/\/www.imm.az\/exp\/?page_id=6201\">2014<\/a>\u00a0|<\/p>\n\n\n\n<p>\u015e\u00f6b\u0259l\u0259r<\/p>\n\n\n\n<ul>\n<li><a href=\"https:\/\/www.imm.az\/exp\/wp-content\/uploads\/2025\/12\/funkanaliz-2024-illik-hesabat.pdf\">Funksional analiz \u015f\u00f6b\u0259si<\/a><\/li>\n\n\n\n<li>Riyazi analiz \u015f\u00f6b\u0259si<\/li>\n\n\n\n<li><a href=\"https:\/\/www.imm.az\/exp\/wp-content\/uploads\/2025\/12\/Funksiyalar-n\u0259z\u0259riyy\u0259si-sob\u0259sinin-2024-cu-il.pdf\">Funksiyalar n\u0259z\u0259riyy\u0259si \u015f\u00f6b\u0259si<\/a><\/li>\n\n\n\n<li>Diferensial t\u0259nlikl\u0259r \u015f\u00f6b\u0259si<\/li>\n\n\n\n<li><a href=\"https:\/\/www.imm.az\/exp\/wp-content\/uploads\/2025\/12\/Illik-Hesabat-2024-az.pdf\">Riyazi fizika t\u0259nlikl\u0259ri \u015f\u00f6b\u0259si<\/a><\/li>\n\n\n\n<li><a href=\"https:\/\/www.imm.az\/exp\/wp-content\/uploads\/2025\/12\/QHA_Azerb_illik_2024-yeni_Qisa.pdf\">Qeyri-harmonik analiz \u015f\u00f6b\u0259si<\/a><\/li>\n\n\n\n<li><a href=\"https:\/\/www.imm.az\/exp\/wp-content\/uploads\/2025\/12\/Dalga-Dinamikasi-sob\u0259sinin-2024-cu-il-illik-hesab.pdf\">Dal\u011fa dinamikas\u0131 \u015f\u00f6b\u0259si<\/a><\/li>\n\n\n\n<li><a href=\"https:\/\/www.imm.az\/exp\/wp-content\/uploads\/2025\/12\/DBCM_2024_hasabat_illik_azerb-1-1.pdf\">Deformasiya olunan b\u0259rk cism mexanikas\u0131<\/a><\/li>\n\n\n\n<li>Maye v\u0259 qaz mexanikas\u0131 \u015f\u00f6b\u0259si<\/li>\n\n\n\n<li>Komp\u00fcter texnologiyalar\u0131 v\u0259 riyazi statistika<\/li>\n\n\n\n<li><a href=\"https:\/\/www.imm.az\/exp\/wp-content\/uploads\/2025\/12\/Hesabat-illik-2024-.pdf\">C\u0259br v\u0259 riyazi m\u0259ntiq \u015f\u00f6b\u0259si<\/a><\/li>\n\n\n\n<li>T\u0259tbiqi riyaziyyat \u015f\u00f6b\u0259si<\/li>\n\n\n\n<li><a href=\"https:\/\/www.imm.az\/exp\/wp-content\/uploads\/2025\/12\/Optimal-illik-hesabat-2024.pdf\">Optimal idar\u0259etm\u0259 \u015f\u00f6b\u0259si<\/a><\/li>\n\n\n\n<li>Beyn\u0259lxalq \u0259laq\u0259l\u0259r \u015f\u00f6b\u0259si<\/li>\n\n\n\n<li><a href=\"https:\/\/www.imm.az\/exp\/wp-content\/uploads\/2025\/12\/Ictimaiyy\u0259tl\u0259-\u0259laq\u0259l\u0259r-illik-hesabat-2024-il.pdf\">\u0130ctimaiyy\u0259tl\u0259 \u0259laq\u0259l\u0259r \u015f\u00f6b\u0259si<\/a><\/li>\n\n\n\n<li>Elmi \u2013texniki informasiya \u015f\u00f6b\u0259si<\/li>\n\n\n\n<li><a href=\"https:\/\/www.imm.az\/exp\/wp-content\/uploads\/2025\/12\/T\u0259hsil-sob\u0259sinin-2024-ilin-illik-hesabati.pdf\">T\u0259hsil \u015f\u00f6b\u0259si<\/a><\/li>\n\n\n\n<li><a href=\"https:\/\/www.imm.az\/exp\/wp-content\/uploads\/2025\/12\/Qisa_Illik_Laboratoriya_-2024.pdf\">Siqnallar\u0131n emal\u0131n\u0131n riyazi probleml\u0259ri laboratoriyas\u0131<\/a><\/li>\n<\/ul>\n\n\n\n<p><strong>Jurnallar<\/strong><\/p>\n\n\n\n<ul>\n<li>Az\u0259rbaycan Milli Elml\u0259r Akademiyas\u0131n\u0131n X\u0259b\u0259rl\u0259ri, Mexanika\u00a0burax\u0131l\u0131\u015f\u0131, fizika-texnika v\u0259 riyaziyyat elml\u0259ri<\/li>\n\n\n\n<li>Az\u0259rbaycan Milli Elml\u0259r Akademiyas\u0131n\u0131n X\u0259b\u0259rl\u0259ri, Riyaziyyat burax\u0131l\u0131\u015f\u0131, fizika \u2013 riyaziyyat v\u0259 texnika eml\u0259ri b\u00f6lm\u0259si<\/li>\n\n\n\n<li>Riyaziyyat v\u0259 M\u0259xanika \u0130nstitutunun\u00a0\u018fs\u0259rl\u0259ri jurnal\u0131<\/li>\n\n\n\n<li>Az\u0259rbaycan Riyaziyyat jurnal\u0131<\/li>\n<\/ul>\n","protected":false},"excerpt":{"rendered":"<p>2024 | 2023 | 2022 | 2021 | 2020 |\u00a02019\u00a0|\u00a02018\u00a0|\u00a02017\u00a0|\u00a02016\u00a0|\u00a02015\u00a0|\u00a02014\u00a0| \u015e\u00f6b\u0259l\u0259r Jurnallar<\/p>\n","protected":false},"author":6,"featured_media":0,"parent":0,"menu_order":0,"comment_status":"closed","ping_status":"closed","template":"","meta":{"footnotes":""},"_links":{"self":[{"href":"https:\/\/www.imm.az\/exp\/wp-json\/wp\/v2\/pages\/218921"}],"collection":[{"href":"https:\/\/www.imm.az\/exp\/wp-json\/wp\/v2\/pages"}],"about":[{"href":"https:\/\/www.imm.az\/exp\/wp-json\/wp\/v2\/types\/page"}],"author":[{"embeddable":true,"href":"https:\/\/www.imm.az\/exp\/wp-json\/wp\/v2\/users\/6"}],"replies":[{"embeddable":true,"href":"https:\/\/www.imm.az\/exp\/wp-json\/wp\/v2\/comments?post=218921"}],"version-history":[{"count":3,"href":"https:\/\/www.imm.az\/exp\/wp-json\/wp\/v2\/pages\/218921\/revisions"}],"predecessor-version":[{"id":218937,"href":"https:\/\/www.imm.az\/exp\/wp-json\/wp\/v2\/pages\/218921\/revisions\/218937"}],"wp:attachment":[{"href":"https:\/\/www.imm.az\/exp\/wp-json\/wp\/v2\/media?parent=218921"}],"curies":[{"name":"wp","href":"https:\/\/api.w.org\/{rel}","templated":true}]}}