{"id":2407,"date":"2014-04-25T17:45:15","date_gmt":"2014-04-25T12:45:15","guid":{"rendered":"http:\/\/www.imm.az\/exp\/%d1%81%d0%be%d1%82%d1%80%d1%83%d0%b4%d0%bd%d0%b8%d0%ba%d0%b8\/bagirov-emin-telman-oglu\/"},"modified":"2018-02-19T12:00:54","modified_gmt":"2018-02-19T08:00:54","slug":"bagirov-emin-telman-oglu","status":"publish","type":"page","link":"https:\/\/www.imm.az\/exp\/%d1%81%d0%be%d1%82%d1%80%d1%83%d0%b4%d0%bd%d0%b8%d0%ba%d0%b8\/bagirov-emin-telman-oglu\/","title":{"rendered":"<strong>\u0411\u0430\u0433\u0438\u0440\u043e\u0432 \u042d\u043c\u0438\u043d \u0422\u0435\u043b\u044c\u043c\u0430\u043d \u043e\u0433\u043b\u044b<\/strong>"},"content":{"rendered":"<p>\u0421\u043f\u0438\u0441\u043e\u043a \u043e\u0441\u043d\u043e\u0432\u043d\u044b\u0445 \u043d\u0430\u0443\u0447\u043d\u044b\u0445 \u0440\u0430\u0431\u043e\u0442 \u0437\u0430 \u043f\u043e\u0441\u043b\u0435\u0434\u043d\u0438\u0435 \u043f\u044f\u0442\u044c \u043b\u0435\u0442<\/p>\n<p style=\"text-align: justify;\">1. \u042d.\u0413.\u0411\u0430\u0433\u0438\u0440\u043e\u0432, \u0420.\u0410.\u041a\u044f\u0437\u0438\u043c\u043e\u0432\u0430. \u041e\u0431 \u043e\u0434\u043d\u043e\u0439 \u044d\u043c\u043f\u0438\u0440\u0438\u0447\u0435\u0441\u043a\u043e\u0439 \u0444\u043e\u0440\u043c\u0443\u043b\u0435 \u043a\u043e\u0440\u0440\u043e\u0437\u0438\u043e\u043d\u043d\u043e\u0439 \u043f\u0440\u043e\u0447\u043d\u043e\u0441\u0442\u0438 \u043c\u0435\u0442\u0430\u043b\u043b\u043e\u0432 \/ XIII \u043c\u0435\u0436\u0434. \u043a\u043e\u043d\u0444., \u043f\u043e\u0441\u0432. 70-\u043b\u0435\u0442\u0438\u044e \u0410.\u0414.\u0413\u0430\u0434\u0436\u0438\u0435\u0432\u0430 \u0411\u0430\u043a\u0443 2007, \u0441.40<br \/>\n2. \u042d.\u0413.\u0411\u0430\u0433\u0438\u0440\u043e\u0432. \u041a\u043e\u0440\u0440\u043e\u0437\u0438\u043e\u043d\u043d\u043e\u0435 \u0440\u0430\u0437\u0440\u0443\u0448\u0435\u043d\u0438\u0435 \u043c\u0435\u0442\u0430\u043b\u043b\u043e\u0432 \u043f\u0440\u0438 \u043d\u0435\u0441\u0442\u0430\u0446\u0438\u043e\u043d\u0430\u0440\u043d\u044b\u0445 \u0438\u0437\u043c\u0435\u043d\u0435\u043d\u0438\u044f\u0445 \u0442\u0435\u043c\u043f\u0435\u0440\u0430\u0442\u0443\u0440\u044b \/ \u041c\u0435\u0436\u0434. \u043a\u043e\u043d\u0444., \u043f\u043e\u0441\u0432. 50-\u043b\u0435\u0442\u0438\u044e \u0418\u041c\u041c \u041d\u0410\u041d\u0410 \u0411\u0430\u043a\u0443 2009, \u0441.76<br \/>\n3. Emin T. Bagirov, Raisa A. Kazimova. On one formula of corrosive strength of metals under non-stationary change of temperature \/\/ Transactions issue mat. and mec. ser. of phys.tech. and mat. sc. NASA, v.XXX, \u21161, 2010, pp.193-196<br \/>\n4. \u042d.\u0413.\u0411\u0430\u0433\u0438\u0440\u043e\u0432, \u0420.\u0410.\u041a\u044f\u0437\u0438\u043c\u043e\u0432\u0430. \u041e \u0432\u0440\u0435\u043c\u0435\u043d\u0438 \u043a\u043e\u0440\u0440\u043e\u0437\u0438\u043e\u043d\u043d\u043e\u0433\u043e \u0440\u0430\u0437\u0440\u0443\u0448\u0435\u043d\u0438\u044f \u043c\u0435\u0442\u0430\u043b\u043b\u043e\u0432 \u0441 \u0443\u0447\u0435\u0442\u043e\u043c \u0432\u043b\u0438\u044f\u043d\u0438\u044f \u043c\u0435\u0445\u0430\u043d\u0438\u0447\u0435\u0441\u043a\u043e\u0433\u043e \u043d\u0430\u043f\u0440\u044f\u0436\u0435\u043d\u0438\u044f \u0438 \u0442\u0435\u043c\u043f\u0435\u0440\u0430\u0442\u0443\u0440\u044b \/\/ \u041c\u0430\u0442\u0435\u0440\u0438\u0430\u043b\u044b 12-\u043e\u0439 \u043c\u0435\u0436\u0434. \u043d\u0430\u0443\u0447\u043d\u043e-\u043f\u0440\u0430\u043a\u0442\u0438\u0447\u0435\u0441\u043a\u043e\u0439 \u043a\u043e\u043d\u0444. \u0421\u0430\u043d\u043a\u0442-\u041f\u0435\u0442\u0435\u0440\u0431\u0443\u0440\u0433. \u0420\u043e\u0441\u0441\u0438\u044f, 2010, \u0441.334-338<br \/>\n5. \u042d.\u0413.\u0411\u0430\u0433\u0438\u0440\u043e\u0432, \u0420.\u0410.\u041a\u044f\u0437\u0438\u043c\u043e\u0432\u0430. \u041e \u0432\u0440\u0435\u043c\u0435\u043d\u0438 \u043a\u043e\u0440\u0440\u043e\u0437\u0438\u043e\u043d\u043d\u043e\u0433\u043e \u0440\u0430\u0437\u0440\u0443\u0448\u0435\u043d\u0438\u044f \u043c\u0435\u0442\u0430\u043b\u043b\u043e\u0432 \u0441 \u0443\u0447\u0435\u0442\u043e\u043c \u0432\u043b\u0438\u044f\u043d\u0438\u044f \u043c\u0435\u0445\u0430\u043d\u0438\u0447\u0435\u0441\u043a\u043e\u0433\u043e \u043d\u0430\u043f\u0440\u044f\u0436\u0435\u043d\u0438\u044f \u0438 \u0442\u0435\u043c\u043f\u0435\u0440\u0430\u0442\u0443\u0440\u044b \/\/ \u0416\u0443\u0440\u043d\u0430\u043b &#8220;\u0410\u0440\u043c\u0430\u0442\u0443\u0440\u043e\u0441\u0442\u0440\u043e\u0435\u043d\u0438\u0435&#8221; \u0420\u043e\u0441\u0441\u0438\u044f, \u041c\u043e\u0441\u043a\u0432\u0430 2010, \u0441.58-60<br \/>\n6. \u042d.\u0413.\u0411\u0430\u0433\u0438\u0440\u043e\u0432, \u041b.\u0425.\u0422\u0430\u043b\u044b\u0431\u043b\u044b. \u041a \u0432\u043e\u043f\u0440\u043e\u0441\u0443 \u043f\u0440\u043e\u0433\u043d\u043e\u0437\u0438\u0440\u043e\u0432\u0430\u043d\u0438\u044f \u043a\u043e\u0440\u0440\u043e\u0437\u0438\u043e\u043d\u043d\u043e\u0433\u043e \u0440\u0430\u0437\u0440\u0443\u0448\u0435\u043d\u0438\u044f \u043c\u0430\u0442\u0435\u0440\u0438\u0430\u043b\u043e\u0432 \u0432 \u043d\u0435\u0441\u0442\u0430\u0446\u0438\u043e\u043d\u0430\u0440\u043d\u043e\u043c \u043f\u043e\u043b\u0435 \u0442\u0435\u043c\u043f\u0435\u0440\u0430\u0442\u0443\u0440\u044b \/\/ Qafqaz Universitetinin \u0259s\u0259rl\u0259ri, Vol.1, No.2, 2013.<br \/>\n7. E.T.Bagirov, L.Kh.Talybly. To prediction of corrosive failure of materials in non stationary temperature field \/\/ International Journal of Engineering and Innovative Technology v.4, issue 5, 2014, p.9-11<br \/>\n8. E.T.Bagirov. Daxilind\u0259 topa q\u00fcvv\u0259 t\u0259sir ed\u0259n sonsuz m\u00fcst\u0259vinin korroziyadan da\u011f\u0131lmas\u0131 \/ The role of multidiscip-linary approach in solution of actual problems of fundamental and applied sciences (earth, technical and chemical) dedicated of the Oil Workers day of Azerb. Rep. and 20 th anniv. of the contract of the century, Baku 2014,<br \/>\n9. \u042d.\u0413.\u0411\u0430\u0433\u0438\u0440\u043e\u0432. \u041a\u043e\u0440\u0440\u043e\u0437\u0438\u043e\u043d\u043d\u043e\u0435 \u0440\u0430\u0437\u0440\u0443\u0448\u0435\u043d\u0438\u0435 \u043f\u0440\u0438\u0437\u043c\u0430\u0442\u0438\u0447\u0435\u0441\u043a\u043e\u0433\u043e \u0431\u0440\u0443\u0441\u0430 \u043a\u0440\u0443\u0433\u043e\u0432\u043e\u0433\u043e \u043f\u043e\u043f\u0435\u0440\u0435\u0447\u043d\u043e\u0433\u043e \u0441\u0435\u0447\u0435\u043d\u0438\u044f \u043f\u0440\u0438 \u0447\u0438\u0441\u0442\u043e\u043c \u0438\u0437\u0433\u0438\u0431\u0435 \/\/ \u0412\u043e\u0441\u0442\u043e\u0447\u043d\u043e-\u0415\u0432\u0440\u043e\u043f\u0435\u0439\u0441\u043a\u0438\u0439 \u0436\u0443\u0440\u043d\u0430\u043b \u043f\u0435\u0440\u0435\u0434\u043e\u0432\u044b\u0445 \u0442\u0435\u0445\u043d\u043e\u043b\u043e\u0433\u0438\u0439, 2015, Vol.2, \u21167(74), c.56-61<br \/>\n10. \u042d.\u0413.\u0411\u0430\u0433\u0438\u0440\u043e\u0432. \u041e \u0440\u0430\u0437\u0440\u0443\u0448\u0435\u043d\u0438\u0438 \u0431\u0435\u0441\u043a\u043e\u043d\u0435\u0447\u043d\u043e\u0439 \u043f\u043b\u0430\u0441\u0442\u0438\u043d\u044b \u0432 \u0432\u044b\u0441\u043e\u043a\u043e\u0442\u0435\u043c\u043f\u0435\u0440\u0430\u0442\u0443\u0440\u043d\u043e\u0439 \u043a\u043e\u0440\u0440\u043e\u0437\u0438\u043e\u043d\u043d\u043e\u0439 \u0441\u0440\u0435\u0434\u0435 \/\/ Qafqaz Universitetinin \u0259s\u0259rl\u0259ri<\/p>\n","protected":false},"excerpt":{"rendered":"<p>\u0421\u043f\u0438\u0441\u043e\u043a \u043e\u0441\u043d\u043e\u0432\u043d\u044b\u0445 \u043d\u0430\u0443\u0447\u043d\u044b\u0445 \u0440\u0430\u0431\u043e\u0442 \u0437\u0430 \u043f\u043e\u0441\u043b\u0435\u0434\u043d\u0438\u0435 \u043f\u044f\u0442\u044c \u043b\u0435\u0442 1. \u042d.\u0413.\u0411\u0430\u0433\u0438\u0440\u043e\u0432, \u0420.\u0410.\u041a\u044f\u0437\u0438\u043c\u043e\u0432\u0430. \u041e\u0431 \u043e\u0434\u043d\u043e\u0439 \u044d\u043c\u043f\u0438\u0440\u0438\u0447\u0435\u0441\u043a\u043e\u0439 \u0444\u043e\u0440\u043c\u0443\u043b\u0435 \u043a\u043e\u0440\u0440\u043e\u0437\u0438\u043e\u043d\u043d\u043e\u0439 \u043f\u0440\u043e\u0447\u043d\u043e\u0441\u0442\u0438 \u043c\u0435\u0442\u0430\u043b\u043b\u043e\u0432 \/ XIII \u043c\u0435\u0436\u0434. \u043a\u043e\u043d\u0444., \u043f\u043e\u0441\u0432. 70-\u043b\u0435\u0442\u0438\u044e \u0410.\u0414.\u0413\u0430\u0434\u0436\u0438\u0435\u0432\u0430 \u0411\u0430\u043a\u0443 2007, \u0441.40 2. \u042d.\u0413.\u0411\u0430\u0433\u0438\u0440\u043e\u0432. \u041a\u043e\u0440\u0440\u043e\u0437\u0438\u043e\u043d\u043d\u043e\u0435 \u0440\u0430\u0437\u0440\u0443\u0448\u0435\u043d\u0438\u0435 \u043c\u0435\u0442\u0430\u043b\u043b\u043e\u0432 \u043f\u0440\u0438 \u043d\u0435\u0441\u0442\u0430\u0446\u0438\u043e\u043d\u0430\u0440\u043d\u044b\u0445 \u0438\u0437\u043c\u0435\u043d\u0435\u043d\u0438\u044f\u0445 \u0442\u0435\u043c\u043f\u0435\u0440\u0430\u0442\u0443\u0440\u044b \/ \u041c\u0435\u0436\u0434. \u043a\u043e\u043d\u0444., \u043f\u043e\u0441\u0432. 50-\u043b\u0435\u0442\u0438\u044e \u0418\u041c\u041c \u041d\u0410\u041d\u0410 \u0411\u0430\u043a\u0443 2009, \u0441.76 3. Emin T. Bagirov, Raisa A. Kazimova. On [&hellip;]<\/p>\n","protected":false},"author":6,"featured_media":0,"parent":2339,"menu_order":0,"comment_status":"open","ping_status":"open","template":"","meta":{"footnotes":""},"_links":{"self":[{"href":"https:\/\/www.imm.az\/exp\/wp-json\/wp\/v2\/pages\/2407"}],"collection":[{"href":"https:\/\/www.imm.az\/exp\/wp-json\/wp\/v2\/pages"}],"about":[{"href":"https:\/\/www.imm.az\/exp\/wp-json\/wp\/v2\/types\/page"}],"author":[{"embeddable":true,"href":"https:\/\/www.imm.az\/exp\/wp-json\/wp\/v2\/users\/6"}],"replies":[{"embeddable":true,"href":"https:\/\/www.imm.az\/exp\/wp-json\/wp\/v2\/comments?post=2407"}],"version-history":[{"count":5,"href":"https:\/\/www.imm.az\/exp\/wp-json\/wp\/v2\/pages\/2407\/revisions"}],"predecessor-version":[{"id":17375,"href":"https:\/\/www.imm.az\/exp\/wp-json\/wp\/v2\/pages\/2407\/revisions\/17375"}],"up":[{"embeddable":true,"href":"https:\/\/www.imm.az\/exp\/wp-json\/wp\/v2\/pages\/2339"}],"wp:attachment":[{"href":"https:\/\/www.imm.az\/exp\/wp-json\/wp\/v2\/media?parent=2407"}],"curies":[{"name":"wp","href":"https:\/\/api.w.org\/{rel}","templated":true}]}}