{"id":2459,"date":"2014-06-20T12:27:13","date_gmt":"2014-06-20T07:27:13","guid":{"rendered":"http:\/\/www.imm.az\/exp\/?page_id=2459"},"modified":"2014-06-20T12:31:14","modified_gmt":"2014-06-20T07:31:14","slug":"aliyev-ilqar-yahya","status":"publish","type":"page","link":"https:\/\/www.imm.az\/exp\/personnel\/aliyev-ilqar-yahya\/","title":{"rendered":"Aliyev Ilqar Yahya"},"content":{"rendered":"<p><strong>The list of publications at the 5 years published<\/strong><\/p>\n<ol>\n<li>\u018fliyev \u0130.Y., Musayev X.\u0130., Calalov M.C. Yat\u0131q \u00f6rt\u00fckl\u00fc konstruksiyalarda bir elementin hesabat\u0131. Odlar Yurdu Universiteti,Elmi v\u0259 pedoqoji x\u0259b\u0259rl\u0259ri,\u211624, Bak\u0131-2008.<\/li>\n<li>\u018fliyev \u0130.Y., Musayev X.\u0130., Calalov M.C. Silindrik \u00f6rt\u00fckl\u0259r n\u0259z\u0259riyy\u0259sind\u0259ki fiziki t\u0259nlikl\u0259rin ara\u015fd\u0131r\u0131lmas\u0131 Az\u0259rbaycan Ali Texniki m\u0259kt\u0259bl\u0259rinin x\u0259b\u0259rl\u0259ri. 2011, s\u0259h 80-83<\/li>\n<\/ol>\n","protected":false},"excerpt":{"rendered":"<p>The list of publications at the 5 years published \u018fliyev \u0130.Y., Musayev X.\u0130., Calalov M.C. Yat\u0131q \u00f6rt\u00fckl\u00fc konstruksiyalarda bir elementin hesabat\u0131. Odlar Yurdu Universiteti,Elmi v\u0259 pedoqoji x\u0259b\u0259rl\u0259ri,\u211624, Bak\u0131-2008. \u018fliyev \u0130.Y., Musayev X.\u0130., Calalov M.C. Silindrik \u00f6rt\u00fckl\u0259r n\u0259z\u0259riyy\u0259sind\u0259ki fiziki t\u0259nlikl\u0259rin ara\u015fd\u0131r\u0131lmas\u0131 Az\u0259rbaycan Ali Texniki m\u0259kt\u0259bl\u0259rinin x\u0259b\u0259rl\u0259ri. 2011, s\u0259h 80-83<\/p>\n","protected":false},"author":6,"featured_media":0,"parent":2350,"menu_order":0,"comment_status":"open","ping_status":"open","template":"","meta":{"footnotes":""},"_links":{"self":[{"href":"https:\/\/www.imm.az\/exp\/wp-json\/wp\/v2\/pages\/2459"}],"collection":[{"href":"https:\/\/www.imm.az\/exp\/wp-json\/wp\/v2\/pages"}],"about":[{"href":"https:\/\/www.imm.az\/exp\/wp-json\/wp\/v2\/types\/page"}],"author":[{"embeddable":true,"href":"https:\/\/www.imm.az\/exp\/wp-json\/wp\/v2\/users\/6"}],"replies":[{"embeddable":true,"href":"https:\/\/www.imm.az\/exp\/wp-json\/wp\/v2\/comments?post=2459"}],"version-history":[{"count":2,"href":"https:\/\/www.imm.az\/exp\/wp-json\/wp\/v2\/pages\/2459\/revisions"}],"predecessor-version":[{"id":2461,"href":"https:\/\/www.imm.az\/exp\/wp-json\/wp\/v2\/pages\/2459\/revisions\/2461"}],"up":[{"embeddable":true,"href":"https:\/\/www.imm.az\/exp\/wp-json\/wp\/v2\/pages\/2350"}],"wp:attachment":[{"href":"https:\/\/www.imm.az\/exp\/wp-json\/wp\/v2\/media?parent=2459"}],"curies":[{"name":"wp","href":"https:\/\/api.w.org\/{rel}","templated":true}]}}