{"id":2477,"date":"2014-06-20T12:49:04","date_gmt":"2014-06-20T07:49:04","guid":{"rendered":"http:\/\/www.imm.az\/exp\/?page_id=2477"},"modified":"2017-05-16T14:55:47","modified_gmt":"2017-05-16T10:55:47","slug":"%d0%b0%d0%bb%d0%b8%d0%b5%d0%b2-%d1%81%d0%be%d0%bb%d1%82%d0%b0%d0%bd-%d0%b0%d0%bb%d0%b8-%d0%be%d0%b3%d0%bb%d1%8b","status":"publish","type":"page","link":"https:\/\/www.imm.az\/exp\/%d1%81%d0%be%d1%82%d1%80%d1%83%d0%b4%d0%bd%d0%b8%d0%ba%d0%b8\/%d0%b0%d0%bb%d0%b8%d0%b5%d0%b2-%d1%81%d0%be%d0%bb%d1%82%d0%b0%d0%bd-%d0%b0%d0%bb%d0%b8-%d0%be%d0%b3%d0%bb%d1%8b\/","title":{"rendered":"<p>\u0410\u043b\u0438\u0435\u0432 \u0421\u043e\u043b\u0442\u0430\u043d \u0410\u043b\u0438 \u043e\u0433\u043b\u044b<\/p>"},"content":{"rendered":"<p><strong>\u0421\u043f\u0438\u0441\u043e\u043a \u043e\u0441\u043d\u043e\u0432\u043d\u044b\u0445 \u043d\u0430\u0443\u0447\u043d\u044b\u0445 \u0440\u0430\u0431\u043e\u0442 \u0437\u0430 \u043f\u043e\u0441\u043b\u0435\u0434\u043d\u0438\u0435 \u043f\u044f\u0442\u044c \u043b\u0435\u0442<br \/>\n<\/strong><\/p>\n<p style=\"text-align: justify;\">1.On asymptotic behavior of conditional probability of crossing the nonlinear boundary by perturbed random walk, Theory of Stochastic processes, 17(34),2011, p.5-11(h\u0259mm\u00fc\u0259llifl\u0259r F.R\u0259himov,M.Navidi)<\/p>\n<p style=\"text-align: justify;\">2.Limit theorems and transitional phenomen in the theory of branching processes. Mathematical Studies, Monograph Series, V.XIV, VNTL Publishers, 2010, 256 p (h\u0259mm\u00fc\u0259llifl\u0259r Y.I.Yeleyko, I.B.Bazylevych)<\/p>\n<p style=\"text-align: justify;\">3.Asymptotic behavior of conditional probability of the nonlinear boundary crossing by a random walk, Theory of Stochastic processes, 16(32),2010, \u21161, p.12-17(h\u0259mm\u00fc\u0259llifl\u0259r T.Hashimova)<\/p>\n<p style=\"text-align: justify;\">4.Improved Modeling for Prediction of Water Transmission Failure Nova Science Publications, USA, 2010, p28-36. (h\u0259mm\u00fc\u0259llifl\u0259r K.H.Asli, F.B.Nagiyev)<\/p>\n<p style=\"text-align: justify;\">5.Improved modeling for pressure drop in microtubes, Pakistan journal of scientific and Industrial research, vol.55, \u21161, 2012, p.36-42\u00a0 (h\u0259mm\u00fc\u0259llifl\u0259r K.H.Asli, F.B.Nagiyev, A.K.Haghi)<\/p>\n<p style=\"text-align: justify;\">6.A numerical study on heat transfer in microtubes, Journ. of the Balkan Tribologicla Association, v. 16,\u00a0 \u21161, 2010, p.9-19 (h\u0259mm\u00fc\u0259llifl\u0259r Asli K.H., Nagiyev F.B., Haghi A.K.)<\/p>\n<p style=\"text-align: justify;\">7.Improved Modeling for prediction of water transmission failure? Novo Science Publications, USA, 2010, p.28-36 (h\u0259mm\u00fc\u0259llifl\u0259r Asli K.H., Nagiyev F.B.)<\/p>\n<p style=\"text-align: justify;\">8.Modeling of fluid interaction prodused by water hammer, Int. Journ. Of Chemo informatics and chemical Engineering, USA, v.1, \u21161, 2011, p.29-41. (h\u0259mm\u00fc\u0259llifl\u0259r Asli K.H., Nagiyev F.B., Haghi A.K.)<\/p>\n<p style=\"text-align: justify;\">9.Mathematical Concepts for mechanical engineering design, Apple Academic Press, USA, 223p., 2014. (h\u0259mm\u00fc\u0259llifl\u0259r K.H.Asli, Sahleh H.)<\/p>\n<p style=\"text-align: justify;\">10.Applied Research in Hydraulics and Heat Flow, Apple Academic Press, USA, 2014, 364 p. (h\u0259mm\u00fc\u0259llif Kaveh H.A.)<\/p>\n<p style=\"text-align: justify;\">11.Flued mechanics and heat transfer. Apple Academic Press, USA, 2015,234p. Asl\u0131 K.H.<\/p>\n<ol start=\"12\">\n<li style=\"text-align: justify;\">\u0130nteqral limit theorems for the first passage time of the Markov chain dor level and their applications.\/\/ \u0130nternational Journal of modern trends in engineering and research, V.3, \u0130ssue 3; 2016, p. 526-532. Rustamov Y.\u0130.<\/li>\n<\/ol>\n","protected":false},"excerpt":{"rendered":"<p>\u0421\u043f\u0438\u0441\u043e\u043a \u043e\u0441\u043d\u043e\u0432\u043d\u044b\u0445 \u043d\u0430\u0443\u0447\u043d\u044b\u0445 \u0440\u0430\u0431\u043e\u0442 \u0437\u0430 \u043f\u043e\u0441\u043b\u0435\u0434\u043d\u0438\u0435 \u043f\u044f\u0442\u044c \u043b\u0435\u0442 1.On asymptotic behavior of conditional probability of crossing the nonlinear boundary by perturbed random walk, Theory of Stochastic processes, 17(34),2011, p.5-11(h\u0259mm\u00fc\u0259llifl\u0259r F.R\u0259himov,M.Navidi) 2.Limit theorems and transitional phenomen in the theory of branching processes. Mathematical Studies, Monograph Series, V.XIV, VNTL Publishers, 2010, 256 p (h\u0259mm\u00fc\u0259llifl\u0259r Y.I.Yeleyko, I.B.Bazylevych) 3.Asymptotic [&hellip;]<\/p>\n","protected":false},"author":6,"featured_media":0,"parent":2339,"menu_order":0,"comment_status":"open","ping_status":"open","template":"","meta":{"footnotes":""},"_links":{"self":[{"href":"https:\/\/www.imm.az\/exp\/wp-json\/wp\/v2\/pages\/2477"}],"collection":[{"href":"https:\/\/www.imm.az\/exp\/wp-json\/wp\/v2\/pages"}],"about":[{"href":"https:\/\/www.imm.az\/exp\/wp-json\/wp\/v2\/types\/page"}],"author":[{"embeddable":true,"href":"https:\/\/www.imm.az\/exp\/wp-json\/wp\/v2\/users\/6"}],"replies":[{"embeddable":true,"href":"https:\/\/www.imm.az\/exp\/wp-json\/wp\/v2\/comments?post=2477"}],"version-history":[{"count":2,"href":"https:\/\/www.imm.az\/exp\/wp-json\/wp\/v2\/pages\/2477\/revisions"}],"predecessor-version":[{"id":12847,"href":"https:\/\/www.imm.az\/exp\/wp-json\/wp\/v2\/pages\/2477\/revisions\/12847"}],"up":[{"embeddable":true,"href":"https:\/\/www.imm.az\/exp\/wp-json\/wp\/v2\/pages\/2339"}],"wp:attachment":[{"href":"https:\/\/www.imm.az\/exp\/wp-json\/wp\/v2\/media?parent=2477"}],"curies":[{"name":"wp","href":"https:\/\/api.w.org\/{rel}","templated":true}]}}