{"id":2625,"date":"2014-06-27T11:27:49","date_gmt":"2014-06-27T06:27:49","guid":{"rendered":"http:\/\/www.imm.az\/exp\/?page_id=2625"},"modified":"2014-06-27T11:27:49","modified_gmt":"2014-06-27T06:27:49","slug":"%d0%bc%d0%b0%d0%bc%d0%b5%d0%b4%d0%be%d0%b2%d0%b0-%d0%b3%d1%8e%d0%bb%d1%8c%d0%b4%d0%b0%d1%81%d1%82%d0%b0-%d0%b0%d0%ba%d0%b8%d1%84","status":"publish","type":"page","link":"https:\/\/www.imm.az\/exp\/%d1%81%d0%be%d1%82%d1%80%d1%83%d0%b4%d0%bd%d0%b8%d0%ba%d0%b8\/%d0%bc%d0%b0%d0%bc%d0%b5%d0%b4%d0%be%d0%b2%d0%b0-%d0%b3%d1%8e%d0%bb%d1%8c%d0%b4%d0%b0%d1%81%d1%82%d0%b0-%d0%b0%d0%ba%d0%b8%d1%84\/","title":{"rendered":"\u041c\u0430\u043c\u0435\u0434\u043e\u0432\u0430 \u0413\u044e\u043b\u044c\u0434\u0430\u0441\u0442\u0430 \u0410\u043a\u0438\u0444"},"content":{"rendered":"<p><strong>\u0421\u043f\u0438\u0441\u043e\u043a \u043e\u0441\u043d\u043e\u0432\u043d\u044b\u0445 \u043d\u0430\u0443\u0447\u043d\u044b\u0445 \u0440\u0430\u0431\u043e\u0442 \u0437\u0430 \u043f\u043e\u0441\u043b\u0435\u0434\u043d\u0438\u0435 \u043f\u044f\u0442\u044c \u043b\u0435\u0442<\/strong><\/p>\n<ol>\n<li>\u041c\u0430\u043c\u0435\u0434\u043e\u0432\u0430 \u0413.\u0410 \u0418\u0441\u0441\u043b\u0435\u0434\u043e\u0432\u0430\u043d\u0438\u0435 \u0441\u0432\u043e\u0431\u043e\u0434\u043d\u044b\u0445 \u043a\u043e\u043b\u0435\u0431\u0430\u043d\u0438\u0439 \u0443\u043f\u0440\u0443\u0433\u043e\u0439 \u0441\u0440\u0435\u0434\u044b \u0441 \u0446\u0438\u043b\u0438\u043d\u0434\u0440\u0438\u0447\u0435\u0441\u043a\u0438\u043c \u0432\u043a\u043b\u044e\u0447\u0435\u043d\u0438\u0435\u043c, \u0441\u043e\u0434\u0435\u0440\u0436\u0430\u0449\u0438\u043c \u0443\u043f\u0440\u0443\u0433\u043e-\u043f\u043e\u0434\u0432\u0435\u0448\u0435\u043d\u043d\u0443\u044e \u043c\u0430\u0441\u0441\u0443 \u041c\u0435\u0445\u0430\u043d\u0438\u043a\u0430 \u2013 \u043c\u0430\u0448\u0438\u043d\u043e\u0441\u0442\u0440\u043e\u0435\u043d\u0438\u0435, 2008, \u21161, \u0441.55-57<\/li>\n<li>M\u0259mm\u0259dova G.A. Elastiki dayaql\u0131 yayla b\u0259rkidilmi\u015f k\u00fctl\u0259y\u0259 malik silindrik daxiletm\u0259nin akustik m\u00fchitd\u0259 s\u0259rb\u0259st r\u0259qsl\u0259ri.Mexanika\u2013Ma\u015f\u0131nqay\u0131rma 2008, \u21162,\u0441.37-40<\/li>\n<li>G.A.Mamedova,E.A.Taheri.Investigation of free vibrations acoustic medium with cylindrical inclusion containing elastically suspended\u00a0 mass, by the inverse method. TRANSACTIONS issue mathematics and mechanics series of physical-technical &amp;mathematical science, XXVIII, \u21161,2008,p.135-140<\/li>\n<li>G.A.M\u0259mm\u0259dova,S.\u018f.\u018fliyev. Mayed\u0259 tirin s\u0259rb\u0259st r\u0259qsl\u0259rinin t\u0259rs \u00fcsulla t\u0259dqiqi. Fizika, riyaziyyat v\u0259 texnika elml\u0259ri \u00fczr\u0259 beyn\u0259lxalq konfrans\u0131n tezisl\u0259ri,Nax\u00e7\u0131van-2008,s.132<\/li>\n<li>\u0413.\u0410.\u041c\u0430\u043c\u0435\u0434\u043e\u0432\u0430, \u0415.\u0410. \u0422\u0430\u0445\u0435\u0440\u0438. \u0418\u0441\u0441\u043b\u0435\u0434\u043e\u0432\u0430\u043d\u0438\u0435 \u043e\u0441\u0435\u0441\u0438\u043c\u043c\u0435\u0442\u0440\u0438\u0447\u0435\u0441\u043a\u0438\u0445 \u043a\u043e\u043b\u0435\u0431\u0430\u043d\u0438\u0439 \u0446\u0438\u043b\u0438\u043d\u0434\u0440\u0438\u0447\u0435\u0441\u043a\u043e\u0439 \u043e\u0431\u043e\u043b\u043e\u0447\u0435\u043a \u0437\u0430\u043f\u043e\u043b\u043d\u0435\u043d\u043d\u043e\u0439 \u0441\u0436\u0438\u043c\u0430\u0435\u043c\u043e\u0439 \u0436\u0438\u0434\u043a\u043e\u0441\u0442\u044c\u044e \u043e\u0431\u0440\u0430\u0442\u043d\u044b\u043c \u043c\u0435\u0442\u043e\u0434\u043e\u043c \u041c\u0435\u0445\u0430\u043d\u0438\u043a\u0430 \u2013 \u043c\u0430\u0448\u0438\u043d\u043e\u0441\u0442\u0440\u043e\u0435\u043d\u0438\u0435, 2009, \u21163, \u0441.26-28<\/li>\n<li>\u0421\u0435\u0439\u0444\u0443\u043b\u043b\u0430\u0435\u0432 \u0410.\u0418. \u041c\u0430\u043c\u0435\u0434\u043e\u0432\u0430 \u0413.\u0410., \u0412\u043b\u0438\u044f\u043d\u0438\u0435 \u043f\u043b\u043e\u0442\u043d\u043e\u0441\u0442\u0438 \u0441\u0440\u0435\u0434\u044b \u043d\u0430 \u0441\u0432\u043e\u0431\u043e\u0434\u043d\u044b\u0435 \u043a\u043e\u043b\u0435\u0431\u0430\u043d\u0438\u044f \u0446\u0438\u043b\u0438\u043d\u0434\u0440\u0430 \u0441\u043e\u0434\u0435\u0440\u0436\u0430\u0449\u0435\u0433\u043e \u0441\u0436\u0438\u043c\u0430\u0435\u043c\u0443\u044e \u0436\u0438\u0434\u043a\u043e\u0441\u0442\u044c. \u041c\u0435\u0445\u0430\u043d\u0438\u043a\u0430 \u2013 \u043c\u0430\u0448\u0438\u043d\u043e\u0441\u0442\u0440\u043e\u0435\u043d\u0438\u0435, 20011, \u21161, \u0441.28-32<\/li>\n<li>\u0414\u0436.\u0413.\u0410\u0433\u0430\u043b\u0430\u0440\u043e\u0432,\u00a0 \u0413.\u0410.\u041c\u0430\u043c\u0435\u0434\u043e\u0432\u0430, \u0415.\u0410.\u0422\u0430\u0445\u0435\u0440\u0438. \u0418\u0441\u0441\u043b\u0435\u0434\u043e\u0432\u0430\u043d\u0438\u0435 \u0441\u0432\u043e\u0431\u043e\u0434\u043d\u044b\u0445 \u043a\u043e\u043b\u0435\u0431\u0430\u043d\u0438\u0439 \u0443\u043f\u0440\u0443\u0433\u043e-\u0437\u0430\u043a\u0440\u0435\u043f\u043b\u0435\u043d\u043d\u044b\u0445 \u0438 \u0432 \u043f\u0440\u043e\u043c\u0435\u0436\u0443\u0442\u043a\u0435 \u0437\u0430\u043f\u043e\u043b\u043d\u0435\u043d\u043d\u044b\u043c\u0438 \u0436\u0438\u0434\u043a\u043e\u0441\u0442\u044c\u044e \u043a\u043e\u043d\u0446\u0435\u043d\u0442\u0440\u0438\u0447\u0435\u0441\u043a\u0438\u0445 \u0446\u0438\u043b\u0438\u043d\u0434\u0440\u043e\u0432. Az\u0259rbaycan Texniki Universiteti, Elmi \u00a0\u018fs\u0259rl\u0259r Fundamental Elml\u0259r, \u21162, cild \u0425I(42), Bak\u0131-2012,\u0441.102-107<\/li>\n<li>\u0421\u0435\u0439\u0444\u0443\u043b\u043b\u0430\u0435\u0432\u0410.\u0418.,\u0413.\u0410.\u041c\u0430\u043c\u0435\u0434\u043e\u0432\u0430,\u0420\u0443\u0441\u0442\u0430\u043c\u043e\u0432\u0430 \u041c. \u0410. \u042e\u0437\u0431\u0430\u0448\u0438\u0435\u0432\u0430 \u0410.\u041e. \u0410\u043d\u0430\u043b\u0438\u0437 \u0441\u0432\u043e\u0431\u043e\u0434\u043d\u044b\u0445 \u043a\u043e\u043b\u0435\u0431\u0430\u043d\u0438\u0439 \u0442\u043e\u043d\u043a\u043e\u0441\u0442\u0435\u043d\u043d\u044b\u0445 \u0446\u0438\u043b\u0438\u043d\u0434\u0440\u0438\u0447\u0435\u0441\u043a\u0438\u0445 \u043e\u0431\u043e\u043b\u043e\u0447\u0435\u043a \u0441\u043e\u0434\u0435\u0440\u0436\u0430\u0449\u0438\u0445 \u0441\u0436\u0438\u043c\u0430\u0435\u043c\u0443\u044e \u0436\u0438\u0434\u043a\u043e\u0441\u0442\u044c \u0418\u043d\u0436\u0435\u043d\u0435\u0440\u043d\u043e-\u0444\u0438\u0437\u0438\u0447\u0435\u0441\u043a\u0438\u0439 \u0436\u0443\u0440\u043d\u0430\u043b, \u0422\u043e\u043c.85, \u21166, 2012. \u041c\u0438\u043d\u0441\u043a<\/li>\n<\/ol>\n","protected":false},"excerpt":{"rendered":"<p>\u0421\u043f\u0438\u0441\u043e\u043a \u043e\u0441\u043d\u043e\u0432\u043d\u044b\u0445 \u043d\u0430\u0443\u0447\u043d\u044b\u0445 \u0440\u0430\u0431\u043e\u0442 \u0437\u0430 \u043f\u043e\u0441\u043b\u0435\u0434\u043d\u0438\u0435 \u043f\u044f\u0442\u044c \u043b\u0435\u0442 \u041c\u0430\u043c\u0435\u0434\u043e\u0432\u0430 \u0413.\u0410 \u0418\u0441\u0441\u043b\u0435\u0434\u043e\u0432\u0430\u043d\u0438\u0435 \u0441\u0432\u043e\u0431\u043e\u0434\u043d\u044b\u0445 \u043a\u043e\u043b\u0435\u0431\u0430\u043d\u0438\u0439 \u0443\u043f\u0440\u0443\u0433\u043e\u0439 \u0441\u0440\u0435\u0434\u044b \u0441 \u0446\u0438\u043b\u0438\u043d\u0434\u0440\u0438\u0447\u0435\u0441\u043a\u0438\u043c \u0432\u043a\u043b\u044e\u0447\u0435\u043d\u0438\u0435\u043c, \u0441\u043e\u0434\u0435\u0440\u0436\u0430\u0449\u0438\u043c \u0443\u043f\u0440\u0443\u0433\u043e-\u043f\u043e\u0434\u0432\u0435\u0448\u0435\u043d\u043d\u0443\u044e \u043c\u0430\u0441\u0441\u0443 \u041c\u0435\u0445\u0430\u043d\u0438\u043a\u0430 \u2013 \u043c\u0430\u0448\u0438\u043d\u043e\u0441\u0442\u0440\u043e\u0435\u043d\u0438\u0435, 2008, \u21161, \u0441.55-57 M\u0259mm\u0259dova G.A. Elastiki dayaql\u0131 yayla b\u0259rkidilmi\u015f k\u00fctl\u0259y\u0259 malik silindrik daxiletm\u0259nin akustik m\u00fchitd\u0259 s\u0259rb\u0259st r\u0259qsl\u0259ri.Mexanika\u2013Ma\u015f\u0131nqay\u0131rma 2008, \u21162,\u0441.37-40 G.A.Mamedova,E.A.Taheri.Investigation of free vibrations acoustic medium with cylindrical inclusion containing elastically suspended\u00a0 [&hellip;]<\/p>\n","protected":false},"author":6,"featured_media":0,"parent":2339,"menu_order":0,"comment_status":"open","ping_status":"open","template":"","meta":{"footnotes":""},"_links":{"self":[{"href":"https:\/\/www.imm.az\/exp\/wp-json\/wp\/v2\/pages\/2625"}],"collection":[{"href":"https:\/\/www.imm.az\/exp\/wp-json\/wp\/v2\/pages"}],"about":[{"href":"https:\/\/www.imm.az\/exp\/wp-json\/wp\/v2\/types\/page"}],"author":[{"embeddable":true,"href":"https:\/\/www.imm.az\/exp\/wp-json\/wp\/v2\/users\/6"}],"replies":[{"embeddable":true,"href":"https:\/\/www.imm.az\/exp\/wp-json\/wp\/v2\/comments?post=2625"}],"version-history":[{"count":1,"href":"https:\/\/www.imm.az\/exp\/wp-json\/wp\/v2\/pages\/2625\/revisions"}],"predecessor-version":[{"id":2626,"href":"https:\/\/www.imm.az\/exp\/wp-json\/wp\/v2\/pages\/2625\/revisions\/2626"}],"up":[{"embeddable":true,"href":"https:\/\/www.imm.az\/exp\/wp-json\/wp\/v2\/pages\/2339"}],"wp:attachment":[{"href":"https:\/\/www.imm.az\/exp\/wp-json\/wp\/v2\/media?parent=2625"}],"curies":[{"name":"wp","href":"https:\/\/api.w.org\/{rel}","templated":true}]}}