{"id":29562,"date":"2020-01-21T12:40:26","date_gmt":"2020-01-21T08:40:26","guid":{"rendered":"http:\/\/www.imm.az\/exp\/?page_id=29562"},"modified":"2020-01-21T13:01:32","modified_gmt":"2020-01-21T09:01:32","slug":"riyaziyyat-v%c9%99-mexanika-institutunun-c%c9%99br-v%c9%99-riyazi-m%c9%99ntiq-sob%c9%99sinin-mudiri-f-r-e-n-dosent-%c9%99li-%c9%99v%c9%99z-oglu-babayevin-70-yasi-tamam-olur-2","status":"publish","type":"page","link":"https:\/\/www.imm.az\/exp\/riyaziyyat-v%c9%99-mexanika-institutunun-c%c9%99br-v%c9%99-riyazi-m%c9%99ntiq-sob%c9%99sinin-mudiri-f-r-e-n-dosent-%c9%99li-%c9%99v%c9%99z-oglu-babayevin-70-yasi-tamam-olur-2\/","title":{"rendered":"Riyaziyyat v\u0259 Mexanika \u0130nstitutunun \u201cC\u0259br v\u0259 riyazi m\u0259ntiq\u201d \u015f\u00f6b\u0259sinin m\u00fcdiri f.-r.e.n, dosent  \u018fli \u018fv\u0259z o\u011flu Babayevin 70 ya\u015f\u0131 tamam  olur!"},"content":{"rendered":"\n<div class=\"wp-block-image\"><figure class=\"alignleft size-large\"><img loading=\"lazy\" decoding=\"async\" width=\"124\" height=\"172\" src=\"https:\/\/www.imm.az\/exp\/wp-content\/uploads\/2020\/01\/shekil-1.jpg\" alt=\"\" class=\"wp-image-29563\"\/><\/figure><\/div>\n\n\n\n<p><p style=\"text-align: justify\">Riyaziyyat v\u0259 Mexanika \u0130nstitutunun\n\u201cC\u0259br v\u0259 riyazi m\u0259ntiq\u201d \u015f\u00f6b\u0259sinin m\u00fcdiri f.-r.e.n, dosent &nbsp;\u018fli \u018fv\u0259z o\u011flu Babayevin 70 ya\u015f\u0131 tamam&nbsp; olur. &nbsp;\u018f.\u018f.Babayev 1949-cu ild\u0259 dekabr\u0131n 5-d\u0259\nNax\u00e7\u0131van Muxtar Respublikas\u0131n\u0131n Ordubad \u015f\u0259h\u0259rind\u0259 anadan olmu\u015fdur.<\/p><\/p>\n\n\n\n<p><p style=\"text-align: justify\">O, 1971-ci ild\u0259 Az\u0259rbaycan &nbsp;D\u00f6vl\u0259t Universitetinin (indiki BDU)\nmexanika-riyaziyyat fak\u00fclt\u0259sini bitirdikd\u0259n sonra t\u0259yinatla AMEA-n\u0131n Riyaziyyat\nv\u0259 Mexanika \u0130nstitutunda i\u015fl\u0259mi\u015fdir. 1971-1973-c\u00fc ill\u0259rd\u0259 Mokvada Steklov ad\u0131na\nRiyaziyyat \u0130nstitutunda ixtisasart\u0131rma kursunda olmu\u015fdur. <\/p><\/p>\n\n\n\n<p><p style=\"text-align: justify\">1974-c\u00fc ild\u0259 aspiranturaya\ndaxil olub, 3 il m\u00fcdd\u0259tind\u0259 Sankt-Peterburq \u015f\u0259h\u0259rin\u0259 (Steklov ad\u0131na Riyaziyyat\n\u0130nstitutunun Sankt-Peterburq \u015f\u00f6b\u0259sin\u0259) ezamiyy\u0259t\u0259 g\u00f6nd\u0259rilmi\u015fdir. Aspiranturan\u0131\nbitirdikd\u0259n sonra Riyaziyyat v\u0259 Mexanika \u0130nstitutunda ba\u015f laborant, ki\u00e7ik elmi\ni\u015f\u00e7i, elmi i\u015f\u00e7i v\u0259zi\u0259l\u0259rind\u0259 i\u015fl\u0259mi\u015fdir. <\/p><\/p>\n\n\n\n<p><p style=\"text-align: justify\">1985-ci ild\u0259 Moldaviya Elml\u0259r\nAkademiyas\u0131n\u0131n Riyaziyyat \u0130nstitutunun elmi \u015furas\u0131nda \u201c\u00c7\u0131xar\u0131\u015flar\u0131n\nekvivalentliyi v\u0259 kateqoriyalarda morfizml\u0259rin b\u0259rab\u0259rliyi\u201d m\u00f6vzusunda namiz\u0259dlik\ndissertasiyas\u0131n\u0131 m\u00fcdafi\u0259 etmi\u015fdir. 1993-c\u00fc ild\u0259 \u0130ran \u0130slam Respublikas\u0131nda 6\nayl\u0131q elmi m\u0259zuniyy\u0259td\u0259 olmu\u015fdur. <\/p><\/p>\n\n\n\n<p>1989-2018-ci ill\u0259rd\u0259 \u0130nstitutun\nH\u0259mkarlar T\u0259\u015fkilat\u0131n\u0131n s\u0259dri olu\u015fdur. <\/p>\n\n\n\n<p><p style=\"text-align: justify\">\u018f.\u018f.Babayev 100-d\u0259n \u00e7ox elmi\n\u0259s\u0259rin m\u00fc\u0259llifidir. Bu \u0259s\u0259rl\u0259r Rusiya, Estoniya, \u0130ran v\u0259 Az\u0259rbaycan\u0131n n\u00fcfuzlu\njurnallar\u0131nda \u00e7ap edilmi\u015fdir. Onun isbatlar n\u0259z\u0259riyy\u0259si sah\u0259sind\u0259 ald\u0131\u011f\u0131 n\u0259tic\u0259l\u0259r\nm\u00fct\u0259x\u0259ssisl\u0259r t\u0259r\u0259find\u0259n y\u00fcks\u0259k qiym\u0259tl\u0259ndirilmi\u015fdir. <\/p><\/p>\n\n\n\n<p><p style=\"text-align: justify\">\u018f.\u018f.Babayev Rusiya, &nbsp;Ukrayna, Bolqar\u0131stan, \u0130ran, G\u00fcrc\u00fcstan,\nEstoniya v\u0259 s. \u00f6lk\u0259l\u0259rd\u0259 ke\u00e7irilmi\u015f Beyn\u0259lxalq konfranslarda elmi m\u0259ruz\u0259l\u0259rl\u0259\n\u00e7\u0131x\u0131\u015f etmi\u015fdir. <\/p><\/p>\n\n\n\n<p><p style=\"text-align: justify\">Son ill\u0259rd\u0259 \u018fli Babayev h\u0259m\nd\u0259 dahi ensiklopedik alim N.Tusinin riyazi irsinin ara\u015fd\u0131r\u0131lmas\u0131na r\u0259hb\u0259rlik\nedir.&nbsp; <\/p><\/p>\n\n\n\n<p><p style=\"text-align: justify\">2002-ci ild\u0259n \u201cC\u0259br v\u0259\nriyazi m\u0259ntiq\u201d \u015f\u00f6b\u0259sinin m\u00fcdiri v\u0259zif\u0259sind\u0259 \u00e7al\u0131\u015f\u0131r.<\/p><\/p>\n\n\n\n<p><p style=\"text-align: justify\">\u0130nstitutun kollektivi&nbsp; ad\u0131ndan&nbsp;\n\u018fli Babayevi &nbsp;70 ya\u015f\u0131 tamam olams\u0131\nm\u00fcnasib\u0259ti il\u0259 t\u0259brik edir, ona m\u00f6hk\u0259m can sa\u011fl\u0131\u011f\u0131, uzun om\u00fcr v\u0259 elmi f\u0259aliyy\u0259tind\u0259\nm\u00fcv\u0259ff\u0259qiyy\u0259tl\u0259r arzulay\u0131r\u0131q.<\/p><\/p>\n","protected":false},"excerpt":{"rendered":"<p>Riyaziyyat v\u0259 Mexanika \u0130nstitutunun \u201cC\u0259br v\u0259 riyazi m\u0259ntiq\u201d \u015f\u00f6b\u0259sinin m\u00fcdiri f.-r.e.n, dosent &nbsp;\u018fli \u018fv\u0259z o\u011flu Babayevin 70 ya\u015f\u0131 tamam&nbsp; olur. &nbsp;\u018f.\u018f.Babayev 1949-cu ild\u0259 dekabr\u0131n 5-d\u0259 Nax\u00e7\u0131van Muxtar Respublikas\u0131n\u0131n Ordubad \u015f\u0259h\u0259rind\u0259 anadan olmu\u015fdur. O, 1971-ci ild\u0259 Az\u0259rbaycan &nbsp;D\u00f6vl\u0259t Universitetinin (indiki BDU) mexanika-riyaziyyat fak\u00fclt\u0259sini bitirdikd\u0259n sonra t\u0259yinatla AMEA-n\u0131n Riyaziyyat v\u0259 Mexanika \u0130nstitutunda i\u015fl\u0259mi\u015fdir. 1971-1973-c\u00fc ill\u0259rd\u0259 Mokvada Steklov [&hellip;]<\/p>\n","protected":false},"author":6,"featured_media":0,"parent":0,"menu_order":0,"comment_status":"closed","ping_status":"closed","template":"","meta":{"footnotes":""},"_links":{"self":[{"href":"https:\/\/www.imm.az\/exp\/wp-json\/wp\/v2\/pages\/29562"}],"collection":[{"href":"https:\/\/www.imm.az\/exp\/wp-json\/wp\/v2\/pages"}],"about":[{"href":"https:\/\/www.imm.az\/exp\/wp-json\/wp\/v2\/types\/page"}],"author":[{"embeddable":true,"href":"https:\/\/www.imm.az\/exp\/wp-json\/wp\/v2\/users\/6"}],"replies":[{"embeddable":true,"href":"https:\/\/www.imm.az\/exp\/wp-json\/wp\/v2\/comments?post=29562"}],"version-history":[{"count":3,"href":"https:\/\/www.imm.az\/exp\/wp-json\/wp\/v2\/pages\/29562\/revisions"}],"predecessor-version":[{"id":29568,"href":"https:\/\/www.imm.az\/exp\/wp-json\/wp\/v2\/pages\/29562\/revisions\/29568"}],"wp:attachment":[{"href":"https:\/\/www.imm.az\/exp\/wp-json\/wp\/v2\/media?parent=29562"}],"curies":[{"name":"wp","href":"https:\/\/api.w.org\/{rel}","templated":true}]}}