{"id":36673,"date":"2021-06-20T13:17:59","date_gmt":"2021-06-20T09:17:59","guid":{"rendered":"http:\/\/www.imm.az\/exp\/?page_id=36673"},"modified":"2021-06-20T13:18:00","modified_gmt":"2021-06-20T09:18:00","slug":"diferensial-t%c9%99nlikl%c9%99r-sob%c9%99sinin-aparici-elmi-iscisi-dosent-arzu-%c9%99liyevanin-55-yasi-munasib%c9%99til%c9%99-t%c9%99brik-edirik","status":"publish","type":"page","link":"https:\/\/www.imm.az\/exp\/diferensial-t%c9%99nlikl%c9%99r-sob%c9%99sinin-aparici-elmi-iscisi-dosent-arzu-%c9%99liyevanin-55-yasi-munasib%c9%99til%c9%99-t%c9%99brik-edirik\/","title":{"rendered":"\u201cDiferensial t\u0259nlikl\u0259r\u201d \u015f\u00f6b\u0259sinin apar\u0131c\u0131 elmi i\u015f\u00e7isi, dosent Arzu \u018fliyevan\u0131n 55 ya\u015f\u0131 m\u00fcnasib\u0259til\u0259 t\u0259brik edirik!"},"content":{"rendered":"\n<div class=\"wp-block-image\"><figure class=\"alignleft size-large is-resized\"><img loading=\"lazy\" decoding=\"async\" src=\"https:\/\/www.imm.az\/exp\/wp-content\/uploads\/2021\/06\/615399E2-16C5-4A31-8438-7D99F4FDEB57-300x225-2.jpeg\" alt=\"\" class=\"wp-image-36674\" width=\"212\" height=\"157\"\/><\/figure><\/div>\n\n\n\n<p>Arzu Q\u0259mb\u0259r q\u0131z\u0131 \u018fliyeva 04 may 1966-c\u0131 ild\u0259 Bak\u0131 \u015f\u0259h\u0259rind\u0259 anadan olmu\u015fdur. 1983-c\u00fc ild\u0259 Bak\u0131 \u015f\u0259h\u0259rind\u0259 52 \u2116-li orta m\u0259kt\u0259bi \u0259la\u00e7\u0131 olaraq bitirmi\u015fdir.<br>R.\u00fc.f.d. Arzu Q\u0259mb\u0259r q\u0131z\u0131 \u018fliyeva 1988-ci ild\u0259 Az\u0259rbaycan D\u00f6vl\u0259t Universitetinin mexanika-riyaziyyat fak\u00fclt\u0259sini f\u0259rql\u0259nm\u0259 diplomu il\u0259 bitirmi\u015fdir. 1988-1992-ci ill\u0259rd\u0259 Az\u0259rb. SSR EA Riyaziyyat v\u0259 Mexanika \u0130nstitutunun X\u00fcsusi Konstruktor B\u00fcrosunda m\u00fch\u0259ndis, 1992-1996-c\u0131 ill\u0259rd\u0259 Bak\u0131 \u015f\u0259h. Nizami rayonu Kimya-Biologiya t\u0259may\u00fcll\u00fc Liseyd\u0259 t\u0259rbiy\u0259\u00e7i m\u00fc\u0259llim, informatika m\u00fc\u0259llimi, 1996-2007-ci ill\u0259rd\u0259 \u201c\u018fdal\u0259t\u201d h\u00fcquq firmas\u0131nda proqram\u00e7\u0131 i\u015fl\u0259mi\u015fdir. 2007-2012-ci ill\u0259rd\u0259 AMEA Riyaziyyat v\u0259 Mexanika \u0130nstitutunun \u201cDiferensial t\u0259nlikl\u0259r\u201d \u015f\u00f6b\u0259sind\u0259 b\u00f6y\u00fck laborant, ki\u00e7ik elmi i\u015f\u00e7i, b\u00f6y\u00fck elmi i\u015f\u00e7i, 2019-cu ild\u0259n hal-haz\u0131ra kimi apar\u0131c\u0131 elmi i\u015f\u00e7i v\u0259zif\u0259sind\u0259 \u00e7al\u0131\u015f\u0131r. 28 mart 2018-ci ild\u0259 dosent elmi ad\u0131n\u0131 alm\u0131\u015fd\u0131r.<br>2010-cu ild\u0259 prof. K.\u0130.Xudaverdiyevin r\u0259hb\u0259rliyi il\u0259 \u201cBir sinif d\u00f6rd\u00fcnc\u00fc t\u0259rtib Sobolev tipli yar\u0131m-x\u0259tti t\u0259nlikl\u0259r \u00fc\u00e7\u00fcn bir\u00f6l\u00e7\u00fcl\u00fc qar\u0131\u015f\u0131q m\u0259s\u0259l\u0259nin t\u0259dqiqi\u201d m\u00f6vzusunda riyaziyyat \u00fczr\u0259 f\u0259ls\u0259f\u0259 doktoru dissertasiyas\u0131n\u0131 AMEA Riyaziyyat v\u0259 Mexanika \u0130nstitutunda m\u00fcdafi\u0259 etmi\u015fdir.<br>Arzu \u018fliyeva bir sinif d\u00f6rd\u00fcnc\u00fc t\u0259rtib Sobolev tipli yar\u0131m-x\u0259tti diferensial t\u0259nlikl\u0259r \u00fc\u00e7\u00fcn Rikye tipli s\u0259rh\u0259d \u015f\u0259rtli bir\u00f6l\u00e7\u00fcl\u00fc qar\u0131\u015f\u0131q m\u0259s\u0259l\u0259nin \u00fcmumil\u0259\u015fmi\u015f, sanki h\u0259r yerd\u0259 v\u0259 klassik h\u0259ll\u0259rinin varl\u0131\u011f\u0131 v\u0259 yegan\u0259liyi m\u0259s\u0259l\u0259l\u0259rini ara\u015fd\u0131rm\u0131\u015fd\u0131r. Bu h\u0259ll\u0259rin varl\u0131\u011f\u0131 v\u0259 yegan\u0259liyi haqq\u0131nda teoreml\u0259r isbat etmi\u015fdir.<br>Bununla yana\u015f\u0131 sa\u011f t\u0259r\u0259fi qeyri x\u0259tti operator olan bir sinif \u00fc\u00e7\u00fcnc\u00fc t\u0259rtib diferensial t\u0259nlikl\u0259r \u00fc\u00e7\u00fcn qoyulmu\u015f \u00e7ox\u00f6l\u00e7\u00fcl\u00fc qar\u0131\u015f\u0131q m\u0259s\u0259l\u0259ni t\u0259dqiq etmi\u015fdir. M\u0259s\u0259l\u0259nin sanki h\u0259r yerd\u0259 v\u0259 klassik h\u0259ll\u0259ri \u00fc\u00e7\u00fcn varl\u0131q v\u0259 yegan\u0259lik teoreml\u0259ri isbat etmi\u015fdir.<br>O, 32 d\u0259rc olunmu\u015f elmi i\u015fin m\u00fc\u0259llifidir, m\u00fcdafi\u0259d\u0259n sonra 19 m\u0259qal\u0259 onlardan 9 xaricd\u0259 \u00e7ap olunub.<br>AMEA Riyaziyyat v\u0259 Mexanika \u0130nstitutun kollektivi Arzu xan\u0131m\u0131 55 illik yubileyi m\u00fcnasib\u0259til\u0259 t\u0259brik edir, ona insan h\u0259yat\u0131 \u00fc\u00e7\u00fcn \u0259n d\u0259y\u0259rli nem\u0259t olan can sa\u011fl\u0131\u011f\u0131 v\u0259 g\u0259l\u0259c\u0259k elmi f\u0259aliyy\u0259tind\u0259 yeni nailiyy\u0259tl\u0259r arzulay\u0131r.<\/p>\n","protected":false},"excerpt":{"rendered":"<p>Arzu Q\u0259mb\u0259r q\u0131z\u0131 \u018fliyeva 04 may 1966-c\u0131 ild\u0259 Bak\u0131 \u015f\u0259h\u0259rind\u0259 anadan olmu\u015fdur. 1983-c\u00fc ild\u0259 Bak\u0131 \u015f\u0259h\u0259rind\u0259 52 \u2116-li orta m\u0259kt\u0259bi \u0259la\u00e7\u0131 olaraq bitirmi\u015fdir.R.\u00fc.f.d. Arzu Q\u0259mb\u0259r q\u0131z\u0131 \u018fliyeva 1988-ci ild\u0259 Az\u0259rbaycan D\u00f6vl\u0259t Universitetinin mexanika-riyaziyyat fak\u00fclt\u0259sini f\u0259rql\u0259nm\u0259 diplomu il\u0259 bitirmi\u015fdir. 1988-1992-ci ill\u0259rd\u0259 Az\u0259rb. SSR EA Riyaziyyat v\u0259 Mexanika \u0130nstitutunun X\u00fcsusi Konstruktor B\u00fcrosunda m\u00fch\u0259ndis, 1992-1996-c\u0131 ill\u0259rd\u0259 Bak\u0131 \u015f\u0259h. [&hellip;]<\/p>\n","protected":false},"author":6,"featured_media":0,"parent":0,"menu_order":0,"comment_status":"closed","ping_status":"closed","template":"","meta":{"footnotes":""},"_links":{"self":[{"href":"https:\/\/www.imm.az\/exp\/wp-json\/wp\/v2\/pages\/36673"}],"collection":[{"href":"https:\/\/www.imm.az\/exp\/wp-json\/wp\/v2\/pages"}],"about":[{"href":"https:\/\/www.imm.az\/exp\/wp-json\/wp\/v2\/types\/page"}],"author":[{"embeddable":true,"href":"https:\/\/www.imm.az\/exp\/wp-json\/wp\/v2\/users\/6"}],"replies":[{"embeddable":true,"href":"https:\/\/www.imm.az\/exp\/wp-json\/wp\/v2\/comments?post=36673"}],"version-history":[{"count":2,"href":"https:\/\/www.imm.az\/exp\/wp-json\/wp\/v2\/pages\/36673\/revisions"}],"predecessor-version":[{"id":36676,"href":"https:\/\/www.imm.az\/exp\/wp-json\/wp\/v2\/pages\/36673\/revisions\/36676"}],"wp:attachment":[{"href":"https:\/\/www.imm.az\/exp\/wp-json\/wp\/v2\/media?parent=36673"}],"curies":[{"name":"wp","href":"https:\/\/api.w.org\/{rel}","templated":true}]}}