{"id":5616,"date":"2015-10-05T11:38:37","date_gmt":"2015-10-05T06:38:37","guid":{"rendered":"http:\/\/www.imm.az\/exp\/?page_id=5616"},"modified":"2015-10-06T14:54:30","modified_gmt":"2015-10-06T09:54:30","slug":"arif-%c9%99liheyd%c9%99r-oglu-babayev","status":"publish","type":"page","link":"https:\/\/www.imm.az\/exp\/gork%c9%99mli-az%c9%99rbaycan-riyaziyyatcilari\/arif-%c9%99liheyd%c9%99r-oglu-babayev\/","title":{"rendered":"AMEA-n\u0131n m\u00fcxbir \u00fczv\u00fc Arif \u018fliheyd\u0259r o\u011flu Babayev"},"content":{"rendered":"<p style=\"text-align: justify;\"><a href=\"https:\/\/www.imm.az\/exp\/gork%c9%99mli-az%c9%99rbaycan-riyaziyyatcilari\/amea-nin-muxbir-uzvu-arif-%c9%99liheyd%c9%99r-oglu-babayev\/arifbabayev_sayt\/\" rel=\"attachment wp-att-5617\"><img loading=\"lazy\" decoding=\"async\" class=\"alignleft size-full wp-image-5617\" src=\"https:\/\/www.imm.az\/exp\/wp-content\/uploads\/2015\/10\/arifbabayev_sayt.jpg\" alt=\"arifbabayev_sayt\" width=\"250\" height=\"332\" srcset=\"https:\/\/www.imm.az\/exp\/wp-content\/uploads\/2015\/10\/arifbabayev_sayt.jpg 250w, https:\/\/www.imm.az\/exp\/wp-content\/uploads\/2015\/10\/arifbabayev_sayt-226x300.jpg 226w\" sizes=\"(max-width: 250px) 100vw, 250px\" \/><\/a><\/p>\n<p style=\"text-align: justify;\">Az\u0259rbaycan Elml\u0259r Akademiyas\u0131n\u0131n m\u00fcxbir \u00fczv\u00fc Arif \u018fliheyd\u0259r o\u011flu Babayev &#8211; 1952-ci ild\u0259 orta m\u0259kt\u0259bi q\u0131z\u0131l medalla bitir\u0259r\u0259k Az\u0259rbaycan (Bak\u0131) D\u00f6vl\u0259t Universitetinin fizika-riyaziyyat fakult\u0259sinin \u201cRiyaziyyat\u201d b\u00f6lm\u0259sin\u0259 daxil olmu\u015f v\u0259 1957-ci ild\u0259 h\u0259min fak\u00fclt\u0259ni f\u0259rql\u0259nm\u0259 diplomu il\u0259 bitirmi\u015fd\u0131r. O,h\u0259min il \u201cFunksiyalar n\u0259z\u0259riyy\u0259si v\u0259 funksional analiz\u201d kafelras\u0131n\u0131n aspi\u00adrant\u0131 olmu\u015fdur. A.\u018f. Babayev aspirantura\u00adda oxuyark\u0259n qeyri-x\u0259tti sinqulyar inteqral t\u0259nlikl\u0259rin h\u0259llinin varl\u0131\u011f\u0131 v\u0259 yegan\u0259liyi haqq\u0131nda bir s\u0131ra yeni teoreml\u0259r isbat etmi\u015fdir. A.\u018f.Babayev 1960-c\u0131 il-d\u0259 akademik \u018f.\u0130.H\u00fcseynovun r\u0259hb\u0259r\u00adliyi il\u0259 \u201cQeyri-x\u0259tti sinqulyar inteqral t\u0259nlikl\u0259r\u0259 dair t\u0259dqiqatlar\u201d m\u00f6vzusunda namiz\u0259dlik dissertasiyas\u0131n\u0131 m\u00fcdafi\u0259 etmi\u015fdir.<\/p>\n<p style=\"text-align: justify;\">A.\u018f.Babayev qeyri\u2013hamar qapal\u0131 inteqrallama \u0259yrisi \u00fczr\u0259 sinqulyar inteqral\u0131 t\u0259dqiq etmi\u015f v\u0259 bu t\u0259dqiqatlar\u0131n x\u0259tti v\u0259 qeyri-x\u0259tti sinqulyar inteqral t\u0259nlikl\u0259r\u0259 t\u0259tbiql\u0259rini vermi\u015fdir. A\u00e7\u0131q \u0259yri \u00fczr\u0259 Ko\u015fi n\u00fcv\u0259li sinqulyar inteqral operatorun \u00f6yr\u0259nilm\u0259si \u00fc\u00e7\u00fcn o, yeni metod vermi\u015fdir ki, bu metod \u0259sas\u0131nda qeyri-x\u0259tti sinqulyar inteqral t\u0259nlikl\u0259rin lokal n\u0259z\u0259riyy\u0259si yarad\u0131lm\u0131\u015fd\u0131r. Bu t\u0259dqiqatlar onun 1966-c\u0131 ild\u0259 Tbilisi \u015f\u0259h\u0259rind\u0259 A.M.Razmadze ad\u0131na Riyaziyyat \u0130nstitutunda \u201cSinqulyar inteqral t\u0259nlikl\u0259r\u0259 dair t\u0259dqiqatlar\u201d m\u00f6vzu\u00adsunda m\u00fcdafi\u0259 etdiyi doktorluq dissertasiyas\u0131n\u0131n \u0259sas\u0131n\u0131 t\u0259\u015fkil etmi\u015fdir. N.\u0130.Musxili\u015fvili, \u0130.N.Vekua,A.N.Tixonov,Z.\u0130.X\u0259lilov,<\/p>\n<p style=\"text-align: justify;\">A.\u0130.H\u00fcseynov, B.V. Xvedelidze, S.Q. Mixlin, M.A.Krasnoselski, T.Q.Qeqeliya v\u0259 ba\u015fqa g\u00f6rk\u0259mli riyaziyyat\u00e7\u0131lar onun ald\u0131\u011f\u0131 n\u0259tic\u0259l\u0259r\u0259 y\u00fcks\u0259k qiym\u0259t vermi\u015fl\u0259r.<\/p>\n<p style=\"text-align: justify;\">Son ill\u0259rd\u0259 A.\u018f.Babayev v\u0259 onun t\u0259l\u0259b\u0259l\u0259ri t\u0259r\u0259find\u0259n Ko\u015fi tipli inteqral v\u0259 qeyri-hamar qapal\u0131 d\u00fczl\u0259ndiril\u0259 bil\u0259n \u0259yri \u00fczr\u0259 sinqulyar inteqral haqq\u0131nda klassik Plemel-Privalov problemi h\u0259ll edilmi\u015fdir.<\/p>\n<p style=\"text-align: justify;\">A.\u018f.Babayev t\u0259r\u0259find\u0259n sinqulyar inteqral\u0131n v\u0259 bu inteqral\u0131n t\u0259sir etdiyi f\u0259zalar\u0131n diskret analoqlar\u0131, h\u0259m\u00e7inin bu anlay\u0131\u015flar\u0131n qeyri-x\u0259tti sinqulyar inteqral t\u0259nlikl\u0259rin t\u0259qribi h\u0259llin\u0259 t\u0259tbiql\u0259ri verilmi\u015fdir.<\/p>\n<p style=\"text-align: justify;\">A.\u018f.Babayevin r\u0259hb\u0259rlik etdiyi Bak\u0131 Dd\u00f6vl\u0259t Universitetinin Riyazi analiz kafedras\u0131nda onun bilavasit\u0259 i\u015ftirak\u0131 v\u0259 r\u0259hb\u0259rliyi alt\u0131nda qeyri-x\u0259tti sinqulyar inteqral t\u0259nlikl\u0259rin lokal n\u0259z\u0259riyy\u0259si, bu t\u0259nlikl\u0259rin t\u0259qribi h\u0259lli metodlar\u0131, oblast \u00fczr\u0259 \u00e7ox\u00f6l\u00e7\u00fcl\u00fc sinqulyar inteqral operatorlar v\u0259 t\u0259nlikl\u0259rin lokal n\u0259z\u0259riyy\u0259si v\u0259 onun funksional f\u0259zalar\u0131n daxilolma teoreml\u0259rin\u0259 t\u0259tbiql\u0259ri, t\u0259bi\u0259t\u015f\u00fcnasl\u0131\u011f\u0131n m\u00fcxt\u0259lif sah\u0259l\u0259rind\u0259 t\u0259tbiq olunan qeyri-x\u0259tti sinqulyar inteqral t\u0259nlikl\u0259rin t\u0259dqiqi sah\u0259l\u0259rind\u0259 bir s\u0131ra fundamental n\u0259tic\u0259l\u0259r al\u0131nm\u0131\u015fd\u0131r.<\/p>\n<p style=\"text-align: justify;\">A.\u018f.Babayevin r\u0259hb\u0259rliyi alt\u0131nda 40-dan \u00e7ox namiz\u0259dlik dissertasiyas\u0131 m\u00fcdafi\u0259 olunmu\u015f, onun t\u0259l\u0259b\u0259l\u0259ri V.V.Salayev, R.S.Sad\u0131rxanov, S.K.Abdul\u00adlayev, B.\u0130.Musayev, E.Q.H\u00fcseynov, V.S.Quliyev, R.M.Rzayev elml\u0259r doktor\u00adlar\u0131 olmu\u015flar.<\/p>\n<p style=\"text-align: justify;\">Uzun m\u00fcdd\u0259t \u0259rzind\u0259 A.\u018f.Babayev elmi d\u0259r\u0259c\u0259l\u0259r ver\u0259n Elmi \u015euralar\u0131n \u00fczv\u00fc, Bak\u0131 D\u00f6vl\u0259t Universitetinin Mexanika-riyaziyyat fakult\u0259sinin dekan\u0131 (1979-1994) kimi, Az\u0259rbaycan Respublikas\u0131n\u0131n Prezidenti yan\u0131nda AAK-\u0131n riyaziyyat v\u0259 mexanika \u00fczr\u0259 Ekspert \u015euras\u0131n\u0131n s\u0259dri kimi u\u011furlu v\u0259 h\u0259rt\u0259r\u0259fli f\u0259aliyy\u0259ti respublikada riyaziyyat\u0131n inki\u015faf\u0131na b\u00f6y\u00fck t\u0259sir g\u00f6st\u0259rmi\u015fdir.<\/p>\n<p style=\"text-align: justify;\">H\u0259rt\u0259r\u0259fli elmi, pedaqoji v\u0259 ictimai f\u0259aliyy\u0259tin\u0259 g\u00f6r\u0259 A.\u018f.Babayev \u201c\u015e\u0259r\u0259f Ni\u015fan\u0131\u201d (1976) ordeni v\u0259 Az\u0259rbaycan Respublikas\u0131 Ali Sovetinin R\u0259yas\u0259t Hey\u0259tinin f\u0259xri f\u0259rman\u0131 il\u0259 t\u0259ltif olunmu\u015fdur. 1976-c\u0131 ild\u0259 o, AMEA-n\u0131n m\u00fcx\u00adbir \u00fczv\u00fc se\u00e7ilmi\u015f v\u0259 ona \u018fm\u0259kdar Elm Xadimi (1992) f\u0259xri ad\u0131 verilmi\u015fdir.<\/p>\n","protected":false},"excerpt":{"rendered":"<p>Az\u0259rbaycan Elml\u0259r Akademiyas\u0131n\u0131n m\u00fcxbir \u00fczv\u00fc Arif \u018fliheyd\u0259r o\u011flu Babayev &#8211; 1952-ci ild\u0259 orta m\u0259kt\u0259bi q\u0131z\u0131l medalla bitir\u0259r\u0259k Az\u0259rbaycan (Bak\u0131) D\u00f6vl\u0259t Universitetinin fizika-riyaziyyat fakult\u0259sinin \u201cRiyaziyyat\u201d b\u00f6lm\u0259sin\u0259 daxil olmu\u015f v\u0259 1957-ci ild\u0259 h\u0259min fak\u00fclt\u0259ni f\u0259rql\u0259nm\u0259 diplomu il\u0259 bitirmi\u015fd\u0131r. O,h\u0259min il \u201cFunksiyalar n\u0259z\u0259riyy\u0259si v\u0259 funksional analiz\u201d kafelras\u0131n\u0131n aspi\u00adrant\u0131 olmu\u015fdur. A.\u018f. Babayev aspirantura\u00adda oxuyark\u0259n qeyri-x\u0259tti sinqulyar inteqral t\u0259nlikl\u0259rin h\u0259llinin [&hellip;]<\/p>\n","protected":false},"author":6,"featured_media":0,"parent":5673,"menu_order":0,"comment_status":"closed","ping_status":"closed","template":"","meta":{"footnotes":""},"_links":{"self":[{"href":"https:\/\/www.imm.az\/exp\/wp-json\/wp\/v2\/pages\/5616"}],"collection":[{"href":"https:\/\/www.imm.az\/exp\/wp-json\/wp\/v2\/pages"}],"about":[{"href":"https:\/\/www.imm.az\/exp\/wp-json\/wp\/v2\/types\/page"}],"author":[{"embeddable":true,"href":"https:\/\/www.imm.az\/exp\/wp-json\/wp\/v2\/users\/6"}],"replies":[{"embeddable":true,"href":"https:\/\/www.imm.az\/exp\/wp-json\/wp\/v2\/comments?post=5616"}],"version-history":[{"count":3,"href":"https:\/\/www.imm.az\/exp\/wp-json\/wp\/v2\/pages\/5616\/revisions"}],"predecessor-version":[{"id":5703,"href":"https:\/\/www.imm.az\/exp\/wp-json\/wp\/v2\/pages\/5616\/revisions\/5703"}],"up":[{"embeddable":true,"href":"https:\/\/www.imm.az\/exp\/wp-json\/wp\/v2\/pages\/5673"}],"wp:attachment":[{"href":"https:\/\/www.imm.az\/exp\/wp-json\/wp\/v2\/media?parent=5616"}],"curies":[{"name":"wp","href":"https:\/\/api.w.org\/{rel}","templated":true}]}}