{"id":5624,"date":"2015-10-05T11:45:30","date_gmt":"2015-10-05T06:45:30","guid":{"rendered":"http:\/\/www.imm.az\/exp\/?page_id=5624"},"modified":"2015-10-06T14:53:39","modified_gmt":"2015-10-06T09:53:39","slug":"professor-mirabbas-goyc%c9%99-oglu-qasimov","status":"publish","type":"page","link":"https:\/\/www.imm.az\/exp\/gork%c9%99mli-az%c9%99rbaycan-riyaziyyatcilari\/professor-mirabbas-goyc%c9%99-oglu-qasimov\/","title":{"rendered":"AMEA-n\u0131n h\u0259qiqi \u00fczv\u00fc, professor Mirabbas G\u00f6yc\u0259 o\u011flu Qas\u0131mov"},"content":{"rendered":"<p style=\"text-align: justify;\"><a href=\"https:\/\/www.imm.az\/exp\/gork%c9%99mli-az%c9%99rbaycan-riyaziyyatcilari\/amea-nin-h%c9%99qiqi-uzvu-professor-mirabbas-goyc%c9%99-oglu-qasimov\/200px-mirabbas_qasimov_sayt\/\" rel=\"attachment wp-att-5625\"><img loading=\"lazy\" decoding=\"async\" class=\"alignleft size-full wp-image-5625\" src=\"https:\/\/www.imm.az\/exp\/wp-content\/uploads\/2015\/10\/200px-Mirabbas_Qasimov_sayt.jpg\" alt=\"200px-Mirabbas_Qasimov_sayt\" width=\"250\" height=\"334\" srcset=\"https:\/\/www.imm.az\/exp\/wp-content\/uploads\/2015\/10\/200px-Mirabbas_Qasimov_sayt.jpg 250w, https:\/\/www.imm.az\/exp\/wp-content\/uploads\/2015\/10\/200px-Mirabbas_Qasimov_sayt-225x300.jpg 225w\" sizes=\"(max-width: 250px) 100vw, 250px\" \/><\/a><\/p>\n<p style=\"text-align: justify;\">Mirabbas Qas\u0131mov 1939-cu ild\u0259 \u015eamax\u0131n\u0131n N\u0259rimank\u0259nd k\u0259ndind\u0259 anadan olmu\u015fdur.<\/p>\n<p style=\"text-align: justify;\">1956-c\u0131 ild\u0259 Qas\u0131mov Az\u0259rbaycan D\u00f6vl\u0259t Universitetinin fizika-riyaziyyat fakult\u0259sin\u0259 daxil olmu\u015fdur. 1958-ci ild\u0259 g\u00f6st\u0259rdiyi y\u00fcks\u0259k n\u0259tic\u0259l\u0259r\u0259 g\u00f6r\u0259 M.V.Lomonosov ad\u0131na Moskva D\u00f6vl\u0259t Universitetinin uy\u011fun fakult\u0259sin\u0259 k\u00f6\u00e7\u00fcr\u00fclm\u00fc\u015fd\u00fcr. 1961-ci ild\u0259 t\u0259hsilini ba\u015fa vurduqdan sonra, MDU-nun aspiranturas\u0131nda saxlanm\u0131\u015fd\u0131r. Bu d\u00f6vrd\u0259n M.Qas\u0131movun elmi f\u0259alliy\u0259ti ba\u015flay\u0131r (elmi r\u0259hb\u0259ri F.A.Berezin olur) v\u0259 \u0259sas\u0259n \u00f6z\u00fcn\u00fcn m\u00fc\u0259llimi sayd\u0131\u011f\u0131B.M.Levitan\u0131n t\u0259dqiqat\u0131ndan ibar\u0259t olur. B.Levitan da \u00f6z n\u00f6vb\u0259sind\u0259 Mirabbas Qas\u0131movun i\u015fl\u0259rin\u0259 y\u00fcks\u0259k qiym\u0259t verir, ona \u00f6z\u00fcn\u00fcn \u0259n istedadl\u0131 t\u0259l\u0259b\u0259si olaraq x\u00fcsusi m\u0259h\u0259bb\u0259tl\u0259 yana\u015f\u0131r.<\/p>\n<p style=\"text-align: justify;\">Mirabbas Qas\u0131movun \u0259sas i\u015fl\u0259ri m\u00fcxt\u0259lif sinif diferensial operator sinifl\u0259ri \u00fc\u00e7\u00fcn spektral analizin t\u0259rs m\u0259s\u0259l\u0259l\u0259rin\u0259 v\u0259 \u00f6z-\u00f6z\u00fcn\u0259 qo\u015fma olmayan operatorlar n\u0259z\u0259riyy\u0259sin\u0259 aid olmu\u015fdur.<\/p>\n<p style=\"text-align: justify;\">1964-c\u00fc ild\u0259 M.Q.Qas\u0131mov MDU-nun mexanika-riyaziyyat fakult\u0259sinin Elmi \u015euras\u0131nda &#8220;\u015eturm-Liuvill t\u0259nliyinin iki spektra g\u00f6r\u0259 h\u0259lli&#8221; namiz\u0259dlik disertasiyas\u0131n\u0131 m\u00fcdafi\u0259 etmi\u015fdir. Elmi \u015furan\u0131n x\u00fcsusi q\u0259rar\u0131na \u0259sas\u0259n i\u015f &#8220;G\u00f6rk\u0259mli \u0130\u015f&#8221; olaraq qiym\u0259tl\u0259ndirilmi\u015fdir. H\u0259min ild\u0259 o Moskvan\u0131n fiziki-texniki institutuna assistent v\u0259zif\u0259sin\u0259 i\u015f\u0259 girir v\u0259 1965-ci ild\u0259 m\u00fcsabiq\u0259 yolu il\u0259 F.E.Dzerjinski ad\u0131na H\u0259rbi-M\u00fch\u0259ndislik Akademiyas\u0131n\u0131n riyaziyyat kafedras\u0131na ba\u015f m\u00fc\u0259llim t\u0259yin olunur.<\/p>\n<p style=\"text-align: justify;\">1967-ci ild\u0259 M.Qas\u0131mov Moskva D\u00f6vl\u0259t Universitetind\u0259 &#8220;\u00d6z-\u00f6z\u00fcn\u0259 qo\u015fma v\u0259 \u00f6z-\u00f6z\u00fcn\u0259 qo\u015fma olmayan diferensial operatorlar\u0131n b\u0259zi m\u0259s\u0259l\u0259l\u0259ri&#8221; m\u00f6vzusunda fizika-riyaziyyat elml\u0259ri \u00fczr\u0259 doktorluq disertasiyas\u0131n\u0131 m\u00fcdafi\u0259 edir v\u0259 bu i\u015f AB\u015e-da ingilis dilin\u0259 t\u0259rc\u00fcm\u0259 edilir. Dissertasiyan\u0131n r\u0259smi opponentl\u0259ri m\u0259\u015fhur riyaziyyat\u00e7\u0131lar A.Q.Kostyu\u00e7enko, V.A.Mar\u00e7enko, M.A.Naymark olmu\u015fdur. 1968-ci ilin sentyabr\u0131ndan o Az\u0259rbaycan D\u00f6vl\u0259t Universitetinin professoru v\u0259zif\u0259sini alm\u0131\u015fd\u0131r. 1972-ci ild\u0259n (2007-ci il\u0259d\u0259k) o T\u0259tbiqi Riyaziyyat kafedras\u0131n\u0131n m\u00fcdiri olur. 1970-1976-c\u0131 ill\u0259rd\u0259 Az\u0259rbaycan Elml\u0259r Akademiyas\u0131n\u0131n Riyaziyyat v\u0259 Mexanika \u0130nstitutunda x\u00fcsusi t\u00f6r\u0259m\u0259li diferensial t\u0259nlikl\u0259r b\u00f6lm\u0259sinin r\u0259hb\u0259ri olur.<\/p>\n<p style=\"text-align: justify;\">1980-ci ild\u0259 M.Qas\u0131mov Az\u0259rbaycan Elml\u0259r Akademiyas\u0131n\u0131n m\u00fcxbir, 1989-cu ild\u0259 h\u0259qiqi \u00fczv\u00fc (akademik) se\u00e7ilir.<\/p>\n<p style=\"text-align: justify;\">1990-1992-ci ill\u0259rd\u0259 o BDU- nun rektoru olmu\u015fdur. Bu d\u00f6vrd\u0259 universitet n\u0259zdind\u0259 t\u0259tbiqi riyaziyyat elmi t\u0259cr\u00fcb\u0259 institutu yarad\u0131lm\u0131\u015fd\u0131r v\u0259 \u0259sas m\u0259qs\u0259d olaraq qar\u015f\u0131s\u0131na riyaziyyat\u00e7\u0131 v\u0259 mexanikl\u0259ri bir araya g\u0259tirm\u0259yi qoymu\u015fdur. O m\u00fcxt\u0259lif ill\u0259rd\u0259 BDU-nun Mexanika Riyaziyyat v\u0259 T\u0259tbiqi Riyaziyyat v\u0259 Kibernetika fakult\u0259l\u0259rinin dekan\u0131, t\u0259hsil nazirinin birinci m\u00fcavini v\u0259zif\u0259l\u0259rini tutmu\u015fdur. 1990-1995-ci ill\u0259rd\u0259 o Az\u0259rbaycan Respublikas\u0131 Ali Sovetinin deputat\u0131 olmu\u015fdur.<\/p>\n<p style=\"text-align: justify;\">M.G.Qas\u0131mov T\u00fcrkiy\u0259nin Egey-\u0130zmir v\u0259 Selcuk-Konya Universitetl\u0259rinin f\u0259xri doktoru olmu\u015fdur.<\/p>\n<p style=\"text-align: justify;\">M.Qas\u0131mov Az\u0259rbaycan m\u00fcasir riyaziyyat m\u0259kt\u0259binin banisi hesab olunur. O, \u00e7oxlu sayda riyaziyyat\u00e7\u0131n\u0131n elmi i\u015fin\u0259 r\u0259hb\u0259rlik etmi\u015f v\u0259 y\u00fcks\u0259k s\u0259viyy\u0259li elmi kadrlar\u0131n yeti\u015fdirilm\u0259sin\u0259 b\u00f6y\u00fck diqq\u0259t yetirmi\u015fdir. Mirabbas Qas\u0131movun ke\u00e7irdiyi &#8220;Funksional analiz v\u0259 onun \u0259lav\u0259l\u0259ri&#8221; v\u0259 &#8220;Diferensial operatorlar\u0131n spektral n\u0259z\u0259riyy\u0259si&#8221; seminarlar\u0131 h\u0259r zaman Bak\u0131n\u0131n riyaziyyat h\u0259yat\u0131nda \u0259lam\u0259tdar hadis\u0259 say\u0131lm\u0131\u015fd\u0131rlar. Onun r\u0259hb\u0259rliyi alt\u0131nda t\u0259qrib\u0259n 70 namiz\u0259dlik v\u0259 doktorluq disertasiyas\u0131 m\u00fcdafi\u0259 olunub. M.Qas\u0131mov Bak\u0131 D\u00f6vl\u0259t Universitetinin T\u0259tbiqi Riyaziyyat fakult\u0259sinin t\u0259\u015fkili v\u0259 inki\u015faf\u0131nda b\u00f6y\u00fck elmi-t\u0259\u015fkilati i\u015fl\u0259r aparm\u0131\u015fd\u0131r.<\/p>\n<p style=\"text-align: justify;\">M.Qas\u0131mov elmin inki\u015faf\u0131ndak\u0131 t\u00f6hf\u0259l\u0259rin\u0259 g\u00f6r\u0259 SSR\u0130 Kosmonavtika Federasiyas\u0131 t\u0259r\u0259find\u0259n akademik M.V.Keld\u0131\u015f ad\u0131na q\u0131z\u0131l medalla t\u0259ltif olunmu\u015fdur.<\/p>\n<p style=\"text-align: justify;\">M.G.Qas\u0131mov SSR\u0130-nin m\u00fcxt\u0259lif \u015f\u0259h\u0259rl\u0259rind\u0259 60-dan \u00e7ox doktorluq v\u0259 namiz\u0259dlik disertasiyas\u0131n\u0131n opponenti olmu\u015fdur. O, \u00fc\u00e7 Beyn\u0259lxalq Riyaziyyat\u00e7\u0131lar Konqresinin (Moskva-1966, Fransa-1970, Kanada-1974) i\u015ftirak\u00e7\u0131s\u0131 olmu\u015fdur. Var\u015fava \u015f\u0259h\u0259rind\u0259 S.Banax ad\u0131na Beyn\u0259lxalq Riyaziyyat M\u0259rk\u0259zind\u0259 m\u00fchazir\u0259l\u0259r silsil\u0259si il\u0259 \u00e7\u0131x\u0131\u015f etmi\u015fdir.<\/p>\n<p style=\"text-align: justify;\">M.G.Qas\u0131mov t\u0259xmin\u0259n 100 elmi i\u015f n\u0259\u015fr etmi\u015f v\u0259 onlar\u0131n b\u00f6y\u00fck hiss\u0259si ke\u00e7mi\u015f SSR\u0130-nin n\u00fcfuzlu m\u0259rk\u0259zi jurnallar\u0131nda (&#8220;\u0414\u0410\u041d \u0421\u0421\u0421\u0420&#8221;, &#8220;\u0423\u0441\u043f\u0435\u0445\u0438 \u043c\u0430\u0442\u0435\u043c\u0430\u0442\u0438\u0447\u0435\u0441\u043a\u0438\u0445 \u043d\u0430\u0443\u043a&#8221;, &#8220;\u041c\u0430\u0442\u0435\u043c\u0430\u0442\u0438\u0447\u0435\u0441\u043a\u0438\u0439 \u0441\u0431\u043e\u0440\u043d\u0438\u043a&#8221;, &#8220;\u0418\u0437\u0432\u0435\u0441\u0442\u0438\u044f \u0410\u041d \u0421\u0421\u0421\u0420&#8221;, &#8220;\u0422\u0440\u0443\u0434\u044b \u041c\u043e\u0441\u043a\u043e\u0432\u0441\u043a\u043e\u0433\u043e \u041c\u0430\u0442\u0435\u043c\u0430\u0442\u0438\u0447\u0435\u0441\u043a\u043e\u0433\u043e \u043e\u0431\u0449\u0435\u0441\u0442\u0432\u0430&#8221;, &#8220;\u0424\u0443\u043d\u043a\u0446\u0438\u043e\u043d\u0430\u043b\u044c\u043d\u044b\u0439 \u0430\u043d\u0430\u043b\u0438\u0437 \u0438 \u0435\u0433\u043e \u043f\u0440\u0438\u043b\u043e\u0436\u0435\u043d\u0438\u044f&#8221;, &#8220;\u041c\u0430\u0442\u0435\u043c\u0430\u0442\u0438\u0447\u0435\u0441\u043a\u0438\u0435 \u0437\u0430\u043c\u0435\u0442\u043a\u0438&#8221;, &#8220;\u0414\u0438\u0444\u0444\u0435\u0440\u0435\u043d\u0446\u0438\u0430\u043b\u044c\u043d\u044b\u0435 \u0443\u0440\u0430\u0432\u043d\u0435\u043d\u0438\u044f&#8221;, &#8220;\u0421\u0438\u0431\u0438\u0440\u0441\u043a\u0438\u0439 \u043c\u0430\u0442\u0435\u043c\u0430\u0442\u0438\u0447\u0435\u0441\u043a\u0438\u0439 \u0436\u0443\u0440\u043d\u0430\u043b&#8221;, &#8220;\u0414\u0410\u041d \u0410\u0437\u0421\u0421\u0420&#8221;, &#8220;\u0418\u0437\u0432\u0435\u0441\u0442\u0438\u044f \u0410\u041d \u0410\u0437\u0421\u0421\u0420&#8221;, \u00dcmumittifaq konfranslar\u0131n v\u0259 m\u0259kt\u0259bl\u0259rin i\u015fl\u0259ri v\u0259 s.) \u00e7ap olunmu\u015fdur. M.G.Qas\u0131movun elmi n\u0259tic\u0259l\u0259ri d\u0259f\u0259l\u0259rl\u0259 SSR\u0130 EA-n\u0131n Riyaziyyat b\u00f6lm\u0259sinin v\u0259 SSR\u0130 EA-n\u0131n akademik-katibinin hesabatlar\u0131nda d\u0259f\u0259l\u0259rl\u0259 \u0259n vacibli i\u015fl\u0259r aras\u0131nda qeyd olunmu\u015fdur. Onun m\u0259qal\u0259l\u0259ri \u0259n \u00e7ox istinadlanm\u0131\u015f riyazi i\u015fl\u0259rd\u0259n hesab olmu\u015fdur. O, bir s\u0131ra d\u0259y\u0259rli elmi i\u015fl\u0259ri rus dilin\u0259 t\u0259rc\u00fcm\u0259 etmi\u015f v\u0259 N.Danford v\u0259 C.\u015evars\u0131n 3 cildli m\u0259h\u015fur &#8220;X\u0259tti operatorlar&#8221; kitablar\u0131n\u0131n t\u0259rc\u00fcm\u0259\u00e7il\u0259rind\u0259n biri olmu\u015f, habel\u0259 bir \u00e7ox populyar riyazi m\u0259qal\u0259l\u0259ri n\u0259\u015fr etmi\u015fdir.<\/p>\n<p style=\"text-align: justify;\">Mirabbas G\u00f6yc\u0259 o\u011flu Qas\u0131mov 6 sentyabr 2008-ci ild\u0259 Bak\u0131 \u015f\u0259h\u0259rind\u0259 v\u0259fat etmi\u015f v\u0259 \u00f6z v\u0259siyy\u0259tin\u0259 \u0259sas\u0259n do\u011fuldu\u011fu N\u0259rimank\u0259nd k\u0259ndind\u0259 d\u0259fn edilmi\u015fdir.<\/p>\n","protected":false},"excerpt":{"rendered":"<p>Mirabbas Qas\u0131mov 1939-cu ild\u0259 \u015eamax\u0131n\u0131n N\u0259rimank\u0259nd k\u0259ndind\u0259 anadan olmu\u015fdur. 1956-c\u0131 ild\u0259 Qas\u0131mov Az\u0259rbaycan D\u00f6vl\u0259t Universitetinin fizika-riyaziyyat fakult\u0259sin\u0259 daxil olmu\u015fdur. 1958-ci ild\u0259 g\u00f6st\u0259rdiyi y\u00fcks\u0259k n\u0259tic\u0259l\u0259r\u0259 g\u00f6r\u0259 M.V.Lomonosov ad\u0131na Moskva D\u00f6vl\u0259t Universitetinin uy\u011fun fakult\u0259sin\u0259 k\u00f6\u00e7\u00fcr\u00fclm\u00fc\u015fd\u00fcr. 1961-ci ild\u0259 t\u0259hsilini ba\u015fa vurduqdan sonra, MDU-nun aspiranturas\u0131nda saxlanm\u0131\u015fd\u0131r. Bu d\u00f6vrd\u0259n M.Qas\u0131movun elmi f\u0259alliy\u0259ti ba\u015flay\u0131r (elmi r\u0259hb\u0259ri F.A.Berezin olur) v\u0259 \u0259sas\u0259n \u00f6z\u00fcn\u00fcn [&hellip;]<\/p>\n","protected":false},"author":6,"featured_media":0,"parent":5673,"menu_order":0,"comment_status":"closed","ping_status":"closed","template":"","meta":{"footnotes":""},"_links":{"self":[{"href":"https:\/\/www.imm.az\/exp\/wp-json\/wp\/v2\/pages\/5624"}],"collection":[{"href":"https:\/\/www.imm.az\/exp\/wp-json\/wp\/v2\/pages"}],"about":[{"href":"https:\/\/www.imm.az\/exp\/wp-json\/wp\/v2\/types\/page"}],"author":[{"embeddable":true,"href":"https:\/\/www.imm.az\/exp\/wp-json\/wp\/v2\/users\/6"}],"replies":[{"embeddable":true,"href":"https:\/\/www.imm.az\/exp\/wp-json\/wp\/v2\/comments?post=5624"}],"version-history":[{"count":4,"href":"https:\/\/www.imm.az\/exp\/wp-json\/wp\/v2\/pages\/5624\/revisions"}],"predecessor-version":[{"id":5702,"href":"https:\/\/www.imm.az\/exp\/wp-json\/wp\/v2\/pages\/5624\/revisions\/5702"}],"up":[{"embeddable":true,"href":"https:\/\/www.imm.az\/exp\/wp-json\/wp\/v2\/pages\/5673"}],"wp:attachment":[{"href":"https:\/\/www.imm.az\/exp\/wp-json\/wp\/v2\/media?parent=5624"}],"curies":[{"name":"wp","href":"https:\/\/api.w.org\/{rel}","templated":true}]}}